{"id":126,"date":"2022-02-28T09:16:28","date_gmt":"2022-02-28T08:16:28","guid":{"rendered":"http:\/\/hulotteetbarboulotte.fr\/?page_id=126"},"modified":"2026-03-09T10:57:37","modified_gmt":"2026-03-09T09:57:37","slug":"quest-ce-que-cest","status":"publish","type":"page","link":"https:\/\/hulotteetbarboulotte.fr\/index.php\/la-pedagogie-par-la-nature\/quest-ce-que-cest\/","title":{"rendered":"Qu&#8217;est-ce que c&#8217;est ?"},"content":{"rendered":"<div data-colibri-id=\"126-c1\" class=\"style-405 style-local-126-c1 position-relative\">\n  <!---->\n  <div data-colibri-component=\"section\" data-colibri-id=\"126-c2\" id=\"reusable-sections\" class=\"h-section h-section-global-spacing d-flex align-items-lg-center align-items-md-center align-items-center style-415 style-local-126-c2 position-relative\">\n    <!---->\n    <!---->\n    <div class=\"h-section-grid-container h-section-boxed-container\">\n      <!---->\n      <div data-colibri-id=\"126-c3\" class=\"h-row-container gutters-row-lg-2 gutters-row-md-2 gutters-row-2 gutters-row-v-lg-2 gutters-row-v-md-2 gutters-row-v-2 style-416 style-local-126-c3 position-relative\">\n        <!---->\n        <div class=\"h-row justify-content-lg-center justify-content-md-center justify-content-center align-items-lg-center align-items-md-center align-items-center gutters-col-lg-2 gutters-col-md-2 gutters-col-2 gutters-col-v-lg-2 gutters-col-v-md-2 gutters-col-v-2\">\n          <!---->\n          <div class=\"h-column h-column-container d-flex h-col-lg-auto h-col-md-auto h-col-auto align-self-lg-center align-self-md-center align-self-center style-422-outer style-local-126-c4-outer\">\n            <div data-colibri-id=\"126-c4\" class=\"d-flex h-flex-basis h-column__inner h-px-lg-2 h-px-md-0 h-px-2 v-inner-lg-2 v-inner-md-0 v-inner-2 style-422 style-local-126-c4 position-relative\">\n              <!---->\n              <!---->\n              <div class=\"w-100 h-y-container h-column__content h-column__v-align flex-basis-100 align-self-lg-center align-self-md-center align-self-center\">\n                <!---->\n                <div data-colibri-id=\"126-c5\" class=\"d-block style-423 style-local-126-c5 position-relative h-element\">\n                  <!---->\n                  <div class=\"h-image__frame-container-outer\">\n                    <div class=\"h-image__frame-container\">\n                      <!---->\n                      <!---->\n                      <img loading=\"lazy\" decoding=\"async\" width=\"948\" height=\"2000\" src=\"https:\/\/hulotteetbarboulotte.fr\/wp-content\/uploads\/2022\/03\/GABARIT-PHOTOS-VERTICALES-PATCHWORK-1-LIGHT.png\" class=\"wp-image-572 style-423-image style-local-126-c5-image\" alt=\"\" srcset=\"https:\/\/hulotteetbarboulotte.fr\/wp-content\/uploads\/2022\/03\/GABARIT-PHOTOS-VERTICALES-PATCHWORK-1-LIGHT.png 948w, https:\/\/hulotteetbarboulotte.fr\/wp-content\/uploads\/2022\/03\/GABARIT-PHOTOS-VERTICALES-PATCHWORK-1-LIGHT-142x300.png 142w, https:\/\/hulotteetbarboulotte.fr\/wp-content\/uploads\/2022\/03\/GABARIT-PHOTOS-VERTICALES-PATCHWORK-1-LIGHT-485x1024.png 485w, https:\/\/hulotteetbarboulotte.fr\/wp-content\/uploads\/2022\/03\/GABARIT-PHOTOS-VERTICALES-PATCHWORK-1-LIGHT-768x1620.png 768w, https:\/\/hulotteetbarboulotte.fr\/wp-content\/uploads\/2022\/03\/GABARIT-PHOTOS-VERTICALES-PATCHWORK-1-LIGHT-728x1536.png 728w\" sizes=\"auto, (max-width: 948px) 100vw, 948px\" \/>\n                      <div class=\"h-image__frame h-hide-lg h-hide-md h-hide-sm style-423-frameImage style-local-126-c5-frameImage\"><\/div>\n                    <\/div>\n                  <\/div>\n                <\/div>\n              <\/div>\n            <\/div>\n          <\/div>\n          <div class=\"h-column h-column-container d-flex h-col-lg-auto h-col-md-auto h-col-auto align-self-lg-center align-self-md-center align-self-center style-417-outer style-local-126-c6-outer\">\n            <div data-colibri-id=\"126-c6\" class=\"d-flex h-flex-basis h-column__inner h-px-lg-2 h-px-md-2 h-px-2 v-inner-lg-2 v-inner-md-2 v-inner-2 style-417 style-local-126-c6 position-relative\">\n              <!---->\n              <!---->\n              <div class=\"w-100 h-y-container h-column__content h-column__v-align flex-basis-100 align-self-lg-center align-self-md-center align-self-center\">\n                <!---->\n                <div data-colibri-id=\"126-c7\" class=\"h-row-container gutters-row-lg-0 gutters-row-md-0 gutters-row-0 gutters-row-v-lg-0 gutters-row-v-md-0 gutters-row-v-0 style-418 style-local-126-c7 position-relative\">\n                  <!---->\n                  <div class=\"h-row justify-content-lg-center justify-content-md-center justify-content-center align-items-lg-stretch align-items-md-stretch align-items-stretch gutters-col-lg-0 gutters-col-md-0 gutters-col-0 gutters-col-v-lg-0 gutters-col-v-md-0 gutters-col-v-0\">\n                    <!---->\n                    <div class=\"h-column h-column-container d-flex h-col-lg-6 h-col-md-6 h-col-12 style-419-outer style-local-126-c8-outer\">\n                      <div data-colibri-id=\"126-c8\" class=\"d-flex h-flex-basis h-column__inner h-px-lg-2 h-px-md-2 h-px-2 v-inner-lg-2 v-inner-md-2 v-inner-2 style-419 style-local-126-c8 position-relative\">\n                        <!---->\n                        <!---->\n                        <div class=\"w-100 h-y-container h-column__content h-column__v-align flex-basis-100 align-self-lg-start align-self-md-start align-self-start\">\n                          <!---->\n                          <div data-colibri-id=\"126-c9\" class=\"h-icon style-420 style-local-126-c9 position-relative h-element\">\n                            <!----><span class=\"h-svg-icon h-icon__icon style-420-icon style-local-126-c9-icon\"><!--Icon by Icons8 Line Awesome (https:\/\/icons8.com\/line-awesome)--><svg version=\"1.1\" xmlns=\"http:\/\/www.w3.org\/2000\/svg\" xmlns:xlink=\"http:\/\/www.w3.org\/1999\/xlink\" id=\"leaf\" viewBox=\"0 0 512 545.5\"><path d=\"M400.5 96l5 17.5s26.5 89.852 26.5 215c0 63.926-14.74 106.186-37.5 132.5s-52.894 35-77.5 35c-27.645 0-51.295-12.546-70-25.5s-34.633-27.689-37.5-29.5l17-27c11.26 7.116 22.365 18.826 38.5 30s34.764 20 52 20c17.33 0 36.812-5.282 53-24s30-52.515 30-111.5c0-104.02-16.347-170.547-21.5-190-55.068 20.418-119.215 29.69-171 48-28.617 10.117-52.54 22.984-69 41S112 268.736 112 304c0 31.01 16.935 50.286 35.5 63.5 9.643 6.863 18.992 11.174 26 14 27.515-43.906 69.69-98.517 135-168.5l23 22c-108.93 116.724-150.854 189.68-166 234-7.573 22.16-8.485 37.122-8 48s3.47 16.933 2.5 28.5l-32-3c-.026.32-1.855-9.552-2.5-24s.755-34.41 9.5-60c4.84-14.16 12.1-30.69 22-49-8.192-3.648-17.916-8.822-28-16-23.634-16.82-49-46.35-49-89.5 0-41.68 13.332-74.283 35-98s50.693-38.432 82-49.5c62.614-22.137 136.144-30.534 187-53z\"><\/path><\/svg><\/span><\/div>\n                          <div\n                            data-colibri-id=\"126-c10\" class=\"h-text h-text-component style-421 style-local-126-c10 position-relative h-element\">\n                            <!---->\n                            <!---->\n                            <div class=\"\">\n                              <p>La p\u00e9dagogie par la nature (PPN) est une approche \u00e9ducative en pleine nature, dont le but est de permettre aux enfants de se d\u00e9velopper de fa\u00e7on harmonieuse, tout en cr\u00e9ant un lien fort avec la nature. Inspir\u00e9e par des courants\n                                d&#8217;\u00e9ducation en pleine nature venant de divers pays du monde (Royaume-Uni, Allemagne, pays nordiques, Canada&#8230;), par l&#8217;h\u00e9ritage de l&#8217;Education \u00e0 l&#8217;environnement, et les p\u00e9dagogies centr\u00e9es sur les besoins de l&#8217;enfant, la\n                                PPN se diffuse depuis quelques ann\u00e9es en France. Un r\u00e9seau (le R\u00e9seau de P\u00e9dagogie Par la Nature) s&#8217;est form\u00e9 progressivement et ne cesse de s&#8217;amplifier, r\u00e9pondant \u00e0 un besoin de plus en plus urgent d&#8217;un retour vers des\n                                fondamentaux et du naturel.<\/p>\n                            <\/div>\n                        <\/div>\n                      <\/div>\n                    <\/div>\n                  <\/div>\n                  <div class=\"h-column h-column-container d-flex h-col-lg-6 h-col-md-6 h-col-12 style-419-outer style-local-126-c11-outer\">\n                    <div data-colibri-id=\"126-c11\" class=\"d-flex h-flex-basis h-column__inner h-px-lg-2 h-px-md-2 h-px-2 v-inner-lg-2 v-inner-md-2 v-inner-2 style-419 style-local-126-c11 position-relative\">\n                      <!---->\n                      <!---->\n                      <div class=\"w-100 h-y-container h-column__content h-column__v-align flex-basis-100 align-self-lg-start align-self-md-start align-self-start\">\n                        <!---->\n                        <div data-colibri-id=\"126-c12\" class=\"h-icon style-420 style-local-126-c12 position-relative h-element\">\n                          <!----><span class=\"h-svg-icon h-icon__icon style-420-icon style-local-126-c12-icon\"><!--Icon by Icons8 Line Awesome (https:\/\/icons8.com\/line-awesome)--><svg version=\"1.1\" xmlns=\"http:\/\/www.w3.org\/2000\/svg\" xmlns:xlink=\"http:\/\/www.w3.org\/1999\/xlink\" id=\"tree\" viewBox=\"0 0 512 545.5\"><path d=\"M256 89.5l11.5 11 95 95.5 16 15.5-20.5 10s-16.24 5.853-39 11l70.5 70.5 16 15.5-20 10s-17.266 4.87-26 8L417 394l15.5 16-19.5 10s-39.39 18.82-109 25.5V496h-32v-48.5c-5.353.168-10.374.5-16 .5s-10.65-.332-16-.5V496h-32v-50.5C138.508 438.82 99.5 420 99.5 420l-20-10L95 394l57.5-57.5c-8.737-3.134-26-8-26-8l-20-10 16-15.5 70.5-70.5c-22.757-5.146-39-11-39-11l-20.5-10 16-15.5 95-95.5zm0 45.5l-64 63.5c9.495 3.19 11.432 5.7 35 8l29 3 29-3c23.577-2.3 25.51-4.81 35-8zm0 80l-19 18.5-73.5 73.5c7.44 2.607 7.253 3.5 22.5 6.5l29.5 6-21.5 21-58 58.5c20.597 7.306 55.35 17 120 17 65.237 0 100.128-9.71 120.5-17L318 340.5l-21.5-21 29.5-6c15.243-3.008 15.05-3.893 22.5-6.5L275 233.5z\"><\/path><\/svg><\/span><\/div>\n                        <div\n                          data-colibri-id=\"126-c13\" class=\"h-text h-text-component style-421 style-local-126-c13 position-relative h-element\">\n                          <!---->\n                          <!---->\n                          <div class=\"\">\n                            <p>Au c\u0153ur d&#8217;un petit bois, l&#8217;enfant se sent au plus proche de sa propre nature, de ses \u00e9motions, de ce qui l&#8217;attire dans ce milieu. Des activit\u00e9s sont propos\u00e9es mais notre priorit\u00e9 est de suivre le rythme et les demandes de chacun-e.\n                              Une grande part est donn\u00e9e \u00e0 l&#8217;\u00e9mergence spontan\u00e9e des jeux, des envies, des \u00abbonnes id\u00e9es\u00bb. Les enfants laissent libre court \u00e0 leur imagination, leur curiosit\u00e9, leur \u00e9merveillement, leur ing\u00e9niosit\u00e9, et leur cr\u00e9ativit\u00e9.\n                              Ils apprennent \u00e0 s&#8217;organiser seul-e et collectivement, \u00e0 prendre des initiatives et des risques mesur\u00e9s.&nbsp;<\/p>\n                          <\/div>\n                      <\/div>\n                    <\/div>\n                  <\/div>\n                <\/div>\n                <div class=\"h-column h-column-container d-flex h-col-lg-6 h-col-md-6 h-col-12 style-419-outer style-local-126-c14-outer\">\n                  <div data-colibri-id=\"126-c14\" class=\"d-flex h-flex-basis h-column__inner h-px-lg-2 h-px-md-2 h-px-2 v-inner-lg-2 v-inner-md-2 v-inner-2 style-419 style-local-126-c14 position-relative\">\n                    <!---->\n                    <!---->\n                    <div class=\"w-100 h-y-container h-column__content h-column__v-align flex-basis-100 align-self-lg-start align-self-md-start align-self-start\">\n                      <!---->\n                      <div data-colibri-id=\"126-c15\" class=\"h-icon style-420 style-local-126-c15 position-relative h-element\">\n                        <!----><span class=\"h-svg-icon h-icon__icon style-420-icon style-local-126-c15-icon\"><!--Icon by Icons8 Line Awesome (https:\/\/icons8.com\/line-awesome)--><svg version=\"1.1\" xmlns=\"http:\/\/www.w3.org\/2000\/svg\" xmlns:xlink=\"http:\/\/www.w3.org\/1999\/xlink\" id=\"bug\" viewBox=\"0 0 512 545.5\"><path d=\"M171.5 84.5l37 37c14.77-6.246 30.748-9.5 47.5-9.5s32.73 3.254 47.5 9.5l37-37 23 23-31 31c23.386 17.898 41.757 44.086 53.5 74.5l39-19.5 14 29-44 22c2.926 14.014 5 28.508 5 43.5 0 5.445-.1 10.662-.5 16H448v32h-54c-3.877 16.694-8.982 32.625-16.5 47l48 36-19 26-47-35c-25.885 32.894-62.166 54-103.5 54s-77.615-21.106-103.5-54l-47 35-19-26 48-36c-7.518-14.375-12.623-30.306-16.5-47H64v-32h48.5c-.4-5.338-.5-10.555-.5-16 0-14.992 2.074-29.486 5-43.5l-44-22 14-29 39 19.5c11.743-30.414 30.114-56.602 53.5-74.5l-31-31zM256 144c-31.648 0-61.237 17.5-82 46 18.14 8.18 46.79 18 82 18s63.86-9.82 82-18c-20.763-28.5-50.352-46-82-46zm-97.5 73.5c-9.104 20.666-14.5 44.616-14.5 70.5 0 74.058 43.164 132.505 96 142.5V239c-34.72-2.596-63.06-12.822-81.5-21.5zm195 0c-18.44 8.678-46.78 18.904-81.5 21.5v191.5c52.836-9.995 96-68.442 96-142.5 0-25.884-5.396-49.834-14.5-70.5z\"><\/path><\/svg><\/span><\/div>\n                      <div\n                        data-colibri-id=\"126-c16\" class=\"h-text h-text-component style-421 style-local-126-c16 position-relative h-element\">\n                        <!---->\n                        <!---->\n                        <div class=\"\">\n                          <p><span style=\"font-weight: 400; font-size: 16px; font-family: Raleway; color: rgb(51, 102, 11);\">Le milieu favorise les situations d&#8217;entraide et de coop\u00e9ration, mais \u00e9galement les moments de concentration, de \u00abflow\u00bb (\u00e9tat maximal de concentration, de plein engagement et de satisfaction dans l&#8217;accomplissement d&#8217;une activit\u00e9). La ou le p\u00e9dagogue accompagne, propose des ateliers, suscite l&#8217;enthousiasme, et surtout laisse place au projet de l&#8217;enfant, tout en veillant au bien-\u00eatre de chacun-e.<\/span><\/p>\n                        <\/div>\n                    <\/div>\n                  <\/div>\n                <\/div>\n              <\/div>\n              <div class=\"h-column h-column-container d-flex h-col-lg-6 h-col-md-6 h-col-12 style-419-outer style-local-126-c17-outer\">\n                <div data-colibri-id=\"126-c17\" class=\"d-flex h-flex-basis h-column__inner h-px-lg-2 h-px-md-2 h-px-2 v-inner-lg-2 v-inner-md-2 v-inner-2 style-419 style-local-126-c17 position-relative\">\n                  <!---->\n                  <!---->\n                  <div class=\"w-100 h-y-container h-column__content h-column__v-align flex-basis-100 align-self-lg-start align-self-md-start align-self-start\">\n                    <!---->\n                    <div data-colibri-id=\"126-c18\" class=\"h-icon style-420 style-local-126-c18 position-relative h-element\">\n                      <!----><span class=\"h-svg-icon h-icon__icon style-420-icon style-local-126-c18-icon\"><!--Icon by Icons8 Line Awesome (https:\/\/icons8.com\/line-awesome)--><svg version=\"1.1\" xmlns=\"http:\/\/www.w3.org\/2000\/svg\" xmlns:xlink=\"http:\/\/www.w3.org\/1999\/xlink\" id=\"pagelines\" viewBox=\"0 0 512 545.5\"><path d=\"M241.5 96s61.5 19.88 61.5 71c0 23.55-7.816 41.514-13.5 52 .93 20.555.293 41.76-2.5 63 3.693-12.454 13.096-39.608 31-56 28.384-25.968 80.5-18.5 80.5-18.5s4.992 28.996-26 60.5c-30.186 30.684-83.694 21.03-86.5 20.5-3.964 26.39-11.18 52.395-21.5 76.5 12.91-17.148 40.978-47 78.5-47 39.632 0 65.5 21.5 65.5 21.5s-23.176 58.5-75 58.5c-46.87 0-70.602-16.662-75-20-1.657 3.346-3.202 6.755-5 10-29.338 52.968-78.852 92-150 92v-16c65.412 0 108.683-34.18 136-83.5.54-.974.974-2.015 1.5-3-9.54 4.327-26.05 10-51 10-61.456-.016-80.5-68.5-80.5-68.5s29.704-19.584 61-16c53.34 6.096 71.736 42.33 77.5 60 10.65-23.807 17.995-50.244 22-77-8.692 2.116-25.625 5.055-51 .5-39.632-7.104-63.928-35.912-69-73 0 0 37.756-13.72 67.5-3 30.606 11.027 47.126 42.485 54.5 60.5 1.642-15.68 1.977-31.258 1.5-46.5-14.61-8.438-41.062-28.31-45.5-60-5.84-41.904 13.5-68.5 13.5-68.5z\"><\/path><\/svg><\/span><\/div>\n                    <div\n                      data-colibri-id=\"126-c19\" class=\"h-text h-text-component style-421 style-local-126-c19 position-relative h-element\">\n                      <!---->\n                      <!---->\n                      <div class=\"\">\n                        <p>Ainsi, le processus de la PPN prend son sens, et contribue \u00e0 d\u00e9velopper la confiance en soi, l&#8217;estime de soi, l&#8217;\u00e9panouissement des enfants, en m\u00eame temps qu&#8217;ils cr\u00e9ent de liens entre eux et avec la nature. Ils apprennent \u00e0 s&#8217;y\n                          sentir bien et en s\u00e9curit\u00e9, \u00e0 la conna\u00eetre, \u00e0 l&#8217;aimer, et \u00e0 la respecter.<\/p>\n                        <p>Exploration, jeu libre, imagination, apprentissages, \u00e9merveillement, bien-\u00eatre&#8230; par tous les temps, en toute saison ! Voici des ma\u00eetres-mots de la PPN !<\/p>\n                        <p>\n                          <br>\n                        <\/p>\n                        <p>\n                          <br>\n                        <\/p>\n                      <\/div>\n                  <\/div>\n                <\/div>\n              <\/div>\n            <\/div>\n          <\/div>\n        <\/div>\n      <\/div>\n    <\/div>\n  <\/div>\n<\/div>\n<\/div>\n<div data-colibri-id=\"126-c20\" class=\"h-row-container gutters-row-lg-0 gutters-row-md-0 gutters-row-0 gutters-row-v-lg-0 gutters-row-v-md-0 gutters-row-v-0 style-424 style-local-126-c20 position-relative\">\n  <!---->\n  <div class=\"h-row justify-content-lg-center justify-content-md-center justify-content-center align-items-lg-stretch align-items-md-stretch align-items-stretch gutters-col-lg-0 gutters-col-md-0 gutters-col-0 gutters-col-v-lg-0 gutters-col-v-md-0 gutters-col-v-0\">\n    <!---->\n    <div class=\"h-column h-column-container d-flex h-col-lg-auto h-col-md-auto h-col-auto style-425-outer style-local-126-c21-outer\">\n      <div data-colibri-id=\"126-c21\" class=\"d-flex h-flex-basis h-column__inner h-px-lg-0 h-px-md-0 h-px-0 v-inner-lg-0 v-inner-md-0 v-inner-0 style-425 style-local-126-c21 position-relative\">\n        <!---->\n        <!---->\n        <div class=\"w-100 h-y-container h-column__content h-column__v-align flex-basis-100 align-self-lg-start align-self-md-start align-self-start\">\n          <!---->\n          <div data-colibri-id=\"126-c22\" class=\"d-block style-431 style-local-126-c22 position-relative h-element\">\n            <!---->\n            <div class=\"h-image__frame-container-outer\">\n              <a href=\"https:\/\/www.reseau-pedagogie-nature.org\" target=\"_blank\" h-use-smooth-scroll=\"true\" class=\"image-link\">\n                <div class=\"h-image__frame-container\">\n                  <!---->\n                  <!---->\n                  <img loading=\"lazy\" decoding=\"async\" width=\"1920\" height=\"274\" src=\"https:\/\/hulotteetbarboulotte.fr\/wp-content\/uploads\/2022\/03\/VOLETTE-HULOTTE-ET-BARBOULOTTE-BANDEAUX-LIENS-PAGE-2-1-QUEST-CE-QUE-CEST-1-RPPN.png\" class=\"wp-image-203 style-431-image style-local-126-c22-image\" alt=\"\" srcset=\"https:\/\/hulotteetbarboulotte.fr\/wp-content\/uploads\/2022\/03\/VOLETTE-HULOTTE-ET-BARBOULOTTE-BANDEAUX-LIENS-PAGE-2-1-QUEST-CE-QUE-CEST-1-RPPN.png 1920w, https:\/\/hulotteetbarboulotte.fr\/wp-content\/uploads\/2022\/03\/VOLETTE-HULOTTE-ET-BARBOULOTTE-BANDEAUX-LIENS-PAGE-2-1-QUEST-CE-QUE-CEST-1-RPPN-300x43.png 300w, https:\/\/hulotteetbarboulotte.fr\/wp-content\/uploads\/2022\/03\/VOLETTE-HULOTTE-ET-BARBOULOTTE-BANDEAUX-LIENS-PAGE-2-1-QUEST-CE-QUE-CEST-1-RPPN-1024x146.png 1024w, https:\/\/hulotteetbarboulotte.fr\/wp-content\/uploads\/2022\/03\/VOLETTE-HULOTTE-ET-BARBOULOTTE-BANDEAUX-LIENS-PAGE-2-1-QUEST-CE-QUE-CEST-1-RPPN-768x110.png 768w, https:\/\/hulotteetbarboulotte.fr\/wp-content\/uploads\/2022\/03\/VOLETTE-HULOTTE-ET-BARBOULOTTE-BANDEAUX-LIENS-PAGE-2-1-QUEST-CE-QUE-CEST-1-RPPN-1536x219.png 1536w\" sizes=\"auto, (max-width: 1920px) 100vw, 1920px\" \/>\n                  <div class=\"h-image__frame h-hide-lg h-hide-md h-hide-sm style-431-frameImage style-local-126-c22-frameImage\"><\/div>\n                <\/div>\n              <\/a>\n            <\/div>\n          <\/div>\n        <\/div>\n      <\/div>\n    <\/div>\n    <div class=\"h-column h-column-container d-flex h-col-lg-auto h-col-md-auto h-col-auto style-433-outer style-local-126-c23-outer\">\n      <div data-colibri-id=\"126-c23\" class=\"d-flex h-flex-basis h-column__inner h-px-lg-0 h-px-md-0 h-px-0 v-inner-lg-0 v-inner-md-0 v-inner-0 style-433 style-local-126-c23 position-relative\">\n        <!---->\n        <!---->\n        <div class=\"w-100 h-y-container h-column__content h-column__v-align flex-basis-100 align-self-lg-start align-self-md-start align-self-start\">\n          <!---->\n          <div data-colibri-id=\"126-c24\" class=\"d-block style-432 style-local-126-c24 position-relative h-element\">\n            <!---->\n            <div class=\"h-image__frame-container-outer\">\n              <a href=\"https:\/\/www.reseau-pedagogie-nature.org\/la-ppn-en-7-point-cles\" target=\"_blank\" h-use-smooth-scroll=\"true\" class=\"image-link\">\n                <div class=\"h-image__frame-container\">\n                  <!---->\n                  <!---->\n                  <img loading=\"lazy\" decoding=\"async\" width=\"1920\" height=\"274\" src=\"https:\/\/hulotteetbarboulotte.fr\/wp-content\/uploads\/2022\/03\/VOLETTE-HULOTTE-ET-BARBOULOTTE-BANDEAUX-LIENS-PAGE-2-1-QUEST-CE-QUE-CEST-2-RILLUSTRATION-PPN.png\" class=\"wp-image-221 style-432-image style-local-126-c24-image\" alt=\"\" srcset=\"https:\/\/hulotteetbarboulotte.fr\/wp-content\/uploads\/2022\/03\/VOLETTE-HULOTTE-ET-BARBOULOTTE-BANDEAUX-LIENS-PAGE-2-1-QUEST-CE-QUE-CEST-2-RILLUSTRATION-PPN.png 1920w, https:\/\/hulotteetbarboulotte.fr\/wp-content\/uploads\/2022\/03\/VOLETTE-HULOTTE-ET-BARBOULOTTE-BANDEAUX-LIENS-PAGE-2-1-QUEST-CE-QUE-CEST-2-RILLUSTRATION-PPN-300x43.png 300w, https:\/\/hulotteetbarboulotte.fr\/wp-content\/uploads\/2022\/03\/VOLETTE-HULOTTE-ET-BARBOULOTTE-BANDEAUX-LIENS-PAGE-2-1-QUEST-CE-QUE-CEST-2-RILLUSTRATION-PPN-1024x146.png 1024w, https:\/\/hulotteetbarboulotte.fr\/wp-content\/uploads\/2022\/03\/VOLETTE-HULOTTE-ET-BARBOULOTTE-BANDEAUX-LIENS-PAGE-2-1-QUEST-CE-QUE-CEST-2-RILLUSTRATION-PPN-768x110.png 768w, https:\/\/hulotteetbarboulotte.fr\/wp-content\/uploads\/2022\/03\/VOLETTE-HULOTTE-ET-BARBOULOTTE-BANDEAUX-LIENS-PAGE-2-1-QUEST-CE-QUE-CEST-2-RILLUSTRATION-PPN-1536x219.png 1536w\" sizes=\"auto, (max-width: 1920px) 100vw, 1920px\" \/>\n                  <div class=\"h-image__frame h-hide-lg h-hide-md h-hide-sm style-432-frameImage style-local-126-c24-frameImage\"><\/div>\n                <\/div>\n              <\/a>\n            <\/div>\n          <\/div>\n        <\/div>\n      <\/div>\n    <\/div>\n    <div class=\"h-column h-column-container d-flex h-col-lg-auto h-col-md-auto h-col-auto style-710-outer style-local-126-c25-outer\">\n      <div data-colibri-id=\"126-c25\" class=\"d-flex h-flex-basis h-column__inner h-px-lg-0 h-px-md-0 h-px-0 v-inner-lg-0 v-inner-md-0 v-inner-0 style-710 style-local-126-c25 position-relative\">\n        <!---->\n        <!---->\n        <div class=\"w-100 h-y-container h-column__content h-column__v-align flex-basis-100 align-self-lg-start align-self-md-start align-self-start\">\n          <!---->\n          <div data-colibri-id=\"126-c26\" class=\"d-block style-711 style-local-126-c26 position-relative h-element\">\n            <!---->\n            <div class=\"h-image__frame-container-outer\">\n              <a href=\"https:\/\/youtu.be\/T6AT14pYMco\" target=\"_blank\" h-use-smooth-scroll=\"true\" class=\"image-link\">\n                <div class=\"h-image__frame-container\">\n                  <!---->\n                  <!---->\n                  <img loading=\"lazy\" decoding=\"async\" width=\"1920\" height=\"274\" src=\"https:\/\/hulotteetbarboulotte.fr\/wp-content\/uploads\/2022\/04\/VOLETTE-HULOTTE-ET-BARBOULOTTE-BANDEAUX-LIENS-PAGE-2-1-QUEST-CE-QUE-CEST-3-RESUME-PPN.png\" class=\"wp-image-638 style-711-image style-local-126-c26-image\" alt=\"\" srcset=\"https:\/\/hulotteetbarboulotte.fr\/wp-content\/uploads\/2022\/04\/VOLETTE-HULOTTE-ET-BARBOULOTTE-BANDEAUX-LIENS-PAGE-2-1-QUEST-CE-QUE-CEST-3-RESUME-PPN.png 1920w, https:\/\/hulotteetbarboulotte.fr\/wp-content\/uploads\/2022\/04\/VOLETTE-HULOTTE-ET-BARBOULOTTE-BANDEAUX-LIENS-PAGE-2-1-QUEST-CE-QUE-CEST-3-RESUME-PPN-300x43.png 300w, https:\/\/hulotteetbarboulotte.fr\/wp-content\/uploads\/2022\/04\/VOLETTE-HULOTTE-ET-BARBOULOTTE-BANDEAUX-LIENS-PAGE-2-1-QUEST-CE-QUE-CEST-3-RESUME-PPN-1024x146.png 1024w, https:\/\/hulotteetbarboulotte.fr\/wp-content\/uploads\/2022\/04\/VOLETTE-HULOTTE-ET-BARBOULOTTE-BANDEAUX-LIENS-PAGE-2-1-QUEST-CE-QUE-CEST-3-RESUME-PPN-768x110.png 768w, https:\/\/hulotteetbarboulotte.fr\/wp-content\/uploads\/2022\/04\/VOLETTE-HULOTTE-ET-BARBOULOTTE-BANDEAUX-LIENS-PAGE-2-1-QUEST-CE-QUE-CEST-3-RESUME-PPN-1536x219.png 1536w\" sizes=\"auto, (max-width: 1920px) 100vw, 1920px\" \/>\n                  <div class=\"h-image__frame h-hide-lg h-hide-md h-hide-sm style-711-frameImage style-local-126-c26-frameImage\"><\/div>\n                <\/div>\n              <\/a>\n            <\/div>\n          <\/div>\n        <\/div>\n      <\/div>\n    <\/div>\n  <\/div>\n<\/div>\n<\/div>\n<\/div>\n<\/div>","protected":false},"excerpt":{"rendered":"<p>La p\u00e9dagogie par la nature (PPN) est une approche \u00e9ducative en pleine nature, dont le but est de permettre aux enfants de se d\u00e9velopper de fa\u00e7on harmonieuse, tout en cr\u00e9ant un lien fort avec la nature. Inspir\u00e9e par des courants d&#8217;\u00e9ducation en pleine nature venant de divers pays du monde (Royaume-Uni, Allemagne, pays nordiques, Canada&#8230;), [&hellip;]<\/p>\n","protected":false},"author":1,"featured_media":0,"parent":123,"menu_order":1,"comment_status":"closed","ping_status":"closed","template":"page-templates\/full-width-page.php","meta":{"om_disable_all_campaigns":false,"_monsterinsights_skip_tracking":false,"_monsterinsights_sitenote_active":false,"_monsterinsights_sitenote_note":"","_monsterinsights_sitenote_category":0,"footnotes":""},"class_list":["post-126","page","type-page","status-publish","hentry"],"aioseo_notices":[],"_links":{"self":[{"href":"https:\/\/hulotteetbarboulotte.fr\/index.php\/wp-json\/wp\/v2\/pages\/126","targetHints":{"allow":["GET"]}}],"collection":[{"href":"https:\/\/hulotteetbarboulotte.fr\/index.php\/wp-json\/wp\/v2\/pages"}],"about":[{"href":"https:\/\/hulotteetbarboulotte.fr\/index.php\/wp-json\/wp\/v2\/types\/page"}],"author":[{"embeddable":true,"href":"https:\/\/hulotteetbarboulotte.fr\/index.php\/wp-json\/wp\/v2\/users\/1"}],"replies":[{"embeddable":true,"href":"https:\/\/hulotteetbarboulotte.fr\/index.php\/wp-json\/wp\/v2\/comments?post=126"}],"version-history":[{"count":20,"href":"https:\/\/hulotteetbarboulotte.fr\/index.php\/wp-json\/wp\/v2\/pages\/126\/revisions"}],"predecessor-version":[{"id":1715,"href":"https:\/\/hulotteetbarboulotte.fr\/index.php\/wp-json\/wp\/v2\/pages\/126\/revisions\/1715"}],"up":[{"embeddable":true,"href":"https:\/\/hulotteetbarboulotte.fr\/index.php\/wp-json\/wp\/v2\/pages\/123"}],"wp:attachment":[{"href":"https:\/\/hulotteetbarboulotte.fr\/index.php\/wp-json\/wp\/v2\/media?parent=126"}],"curies":[{"name":"wp","href":"https:\/\/api.w.org\/{rel}","templated":true}]}}