{"id":130,"date":"2022-02-28T09:18:01","date_gmt":"2022-02-28T08:18:01","guid":{"rendered":"http:\/\/hulotteetbarboulotte.fr\/?page_id=130"},"modified":"2026-03-09T11:10:29","modified_gmt":"2026-03-09T10:10:29","slug":"comment-se-deroule-un-accueil","status":"publish","type":"page","link":"https:\/\/hulotteetbarboulotte.fr\/index.php\/la-pedagogie-par-la-nature\/comment-se-deroule-un-accueil\/","title":{"rendered":"Comment se d\u00e9roule un accueil"},"content":{"rendered":"<div data-colibri-id=\"130-c1\" class=\"style-453 style-local-130-c1 position-relative\">\n  <!---->\n  <div data-colibri-component=\"section\" data-colibri-id=\"130-c2\" id=\"reusable-sections\" class=\"h-section h-section-global-spacing d-flex align-items-lg-center align-items-md-center align-items-center style-454 style-local-130-c2 position-relative\">\n    <!---->\n    <!---->\n    <div class=\"h-section-grid-container h-section-boxed-container\">\n      <!---->\n      <div data-colibri-id=\"130-c3\" class=\"h-row-container gutters-row-lg-2 gutters-row-md-2 gutters-row-2 gutters-row-v-lg-2 gutters-row-v-md-2 gutters-row-v-2 style-455 style-local-130-c3 position-relative\">\n        <!---->\n        <div class=\"h-row justify-content-lg-center justify-content-md-center justify-content-center align-items-lg-center align-items-md-center align-items-center gutters-col-lg-2 gutters-col-md-2 gutters-col-2 gutters-col-v-lg-2 gutters-col-v-md-2 gutters-col-v-2\">\n          <!---->\n          <div class=\"h-column h-column-container d-flex h-col-lg-auto h-col-md-auto h-col-auto align-self-lg-center align-self-md-center align-self-center style-456-outer style-local-130-c4-outer\">\n            <div data-colibri-id=\"130-c4\" class=\"d-flex h-flex-basis h-column__inner h-px-lg-2 h-px-md-0 h-px-2 v-inner-lg-2 v-inner-md-0 v-inner-2 style-456 style-local-130-c4 position-relative\">\n              <!---->\n              <!---->\n              <div class=\"w-100 h-y-container h-column__content h-column__v-align flex-basis-100 align-self-lg-center align-self-md-center align-self-center\">\n                <!---->\n                <div data-colibri-id=\"130-c5\" class=\"d-block style-457 style-local-130-c5 position-relative h-element\">\n                  <!---->\n                  <div class=\"h-image__frame-container-outer\">\n                    <div class=\"h-image__frame-container\">\n                      <!---->\n                      <!---->\n                      <img loading=\"lazy\" decoding=\"async\" width=\"948\" height=\"2000\" src=\"https:\/\/hulotteetbarboulotte.fr\/wp-content\/uploads\/2022\/03\/GABARIT-PHOTOS-VERTICALES-PATCHWORK-3-FLOUTE-LIGHT.png\" class=\"wp-image-596 style-457-image style-local-130-c5-image\" alt=\"\" srcset=\"https:\/\/hulotteetbarboulotte.fr\/wp-content\/uploads\/2022\/03\/GABARIT-PHOTOS-VERTICALES-PATCHWORK-3-FLOUTE-LIGHT.png 948w, https:\/\/hulotteetbarboulotte.fr\/wp-content\/uploads\/2022\/03\/GABARIT-PHOTOS-VERTICALES-PATCHWORK-3-FLOUTE-LIGHT-142x300.png 142w, https:\/\/hulotteetbarboulotte.fr\/wp-content\/uploads\/2022\/03\/GABARIT-PHOTOS-VERTICALES-PATCHWORK-3-FLOUTE-LIGHT-485x1024.png 485w, https:\/\/hulotteetbarboulotte.fr\/wp-content\/uploads\/2022\/03\/GABARIT-PHOTOS-VERTICALES-PATCHWORK-3-FLOUTE-LIGHT-768x1620.png 768w, https:\/\/hulotteetbarboulotte.fr\/wp-content\/uploads\/2022\/03\/GABARIT-PHOTOS-VERTICALES-PATCHWORK-3-FLOUTE-LIGHT-728x1536.png 728w\" sizes=\"auto, (max-width: 948px) 100vw, 948px\" \/>\n                      <div class=\"h-image__frame h-hide-lg h-hide-md h-hide-sm style-457-frameImage style-local-130-c5-frameImage\"><\/div>\n                    <\/div>\n                  <\/div>\n                <\/div>\n              <\/div>\n            <\/div>\n          <\/div>\n          <div class=\"h-column h-column-container d-flex h-col-lg-auto h-col-md-auto h-col-auto align-self-lg-center align-self-md-center align-self-center style-458-outer style-local-130-c6-outer\">\n            <div data-colibri-id=\"130-c6\" class=\"d-flex h-flex-basis h-column__inner h-px-lg-2 h-px-md-2 h-px-2 v-inner-lg-2 v-inner-md-2 v-inner-2 style-458 style-local-130-c6 position-relative\">\n              <!---->\n              <!---->\n              <div class=\"w-100 h-y-container h-column__content h-column__v-align flex-basis-100 align-self-lg-center align-self-md-center align-self-center\">\n                <!---->\n                <div data-colibri-id=\"130-c7\" class=\"h-row-container gutters-row-lg-0 gutters-row-md-0 gutters-row-0 gutters-row-v-lg-0 gutters-row-v-md-0 gutters-row-v-0 style-459 style-local-130-c7 position-relative\">\n                  <!---->\n                  <div class=\"h-row justify-content-lg-center justify-content-md-center justify-content-center align-items-lg-stretch align-items-md-stretch align-items-stretch gutters-col-lg-0 gutters-col-md-0 gutters-col-0 gutters-col-v-lg-0 gutters-col-v-md-0 gutters-col-v-0\">\n                    <!---->\n                    <div class=\"h-column h-column-container d-flex h-col-lg-6 h-col-md-6 h-col-12 style-460-outer style-local-130-c8-outer\">\n                      <div data-colibri-id=\"130-c8\" class=\"d-flex h-flex-basis h-column__inner h-px-lg-2 h-px-md-2 h-px-2 v-inner-lg-2 v-inner-md-2 v-inner-2 style-460 style-local-130-c8 position-relative\">\n                        <!---->\n                        <!---->\n                        <div class=\"w-100 h-y-container h-column__content h-column__v-align flex-basis-100 align-self-lg-start align-self-md-start align-self-start\">\n                          <!---->\n                          <div data-colibri-id=\"130-c9\" class=\"h-icon style-461 style-local-130-c9 position-relative h-element\">\n                            <!----><span class=\"h-svg-icon h-icon__icon style-461-icon style-local-130-c9-icon\"><!--Icon by Font Awesome (https:\/\/fontawesome.com)-->\n    <svg version=\"1.1\" xmlns=\"http:\/\/www.w3.org\/2000\/svg\" xmlns:xlink=\"http:\/\/www.w3.org\/1999\/xlink\" id=\"handshake-o\" viewBox=\"0 0 2304 1896.0833\">\n      <path d=\"M192 1152q40 0 56-32t0-64-56-32-56 32 0 64 56 32zm1473-58q-10-13-38.5-50t-41.5-54-38-49-42.5-53-40.5-47-45-49l-125 140q-83 94-208.5 92T880 926q-57-69-56.5-158T882 611l177-206q-22-11-51-16.5t-47.5-6-56.5.5-49 1q-92 0-158 66L539 608H384v544q5 0 21-.5t22 0 19.5 2 20.5 4.5 17.5 8.5T503 1180l297 292q115 111 227 111 78 0 125-47 57 20 112.5-8t72.5-85q74 6 127-44 20-18 36-45.5t14-50.5q10 10 43 10 43 0 77-21t49.5-53 12-71.5-30.5-73.5zm159 58h96V640h-93l-157-180q-66-76-169-76h-167q-89 0-146 67L979 694q-28 33-28 75t27 75q43 51 110 52t111-49l193-218q25-23 53.5-21.5t47 27 8.5 56.5q16 19 56 63t60 68q29 36 82.5 105.5t64.5 84.5q52 66 60 140zm288 0q40 0 56-32t0-64-56-32-56 32 0 64 56 32zm192-576v640q0 26-19 45t-45 19h-434q-27 65-82 106.5t-125 51.5q-33 48-80.5 81.5T1416 1565q-42 53-104.5 81.5T1183 1671q-60 34-126 39.5t-127.5-14-117-53.5-103.5-81l-287-282H64q-26 0-45-19t-19-45V544q0-26 19-45t45-19h421q14-14 47-48t47.5-48 44-40 50.5-37.5 51-25.5 62-19.5 68-5.5h117q99 0 181 56 82-56 181-56h167q35 0 67 6t56.5 14.5T1676 303t44.5 31 43 39.5 39 42 41 48T1885 512h355q26 0 45 19t19 45z\"><\/path>\n    <\/svg><\/span><\/div>\n                          <div data-colibri-id=\"130-c10\" class=\"h-text h-text-component style-462 style-local-130-c10 position-relative h-element\">\n                            <!---->\n                            <!---->\n                            <div class=\"\">\n                              <p>Comment se d\u00e9roule l&#8217;accueil pour des ateliers chez Hulotte &amp; Barboulotte ?<\/p>\n                              <p>A votre arriv\u00e9e, vous \u00eates attendus pr\u00e8s de la zone de parking, au pied d&#8217;une prairie qui monte vers la for\u00eat. En deux minutes, nous sommes dans les bois. Nous suivons un petit chemin qui m\u00e8ne chez Hulotte &amp; Barboulotte.<\/p>\n                            <\/div>\n                          <\/div>\n                        <\/div>\n                      <\/div>\n                    <\/div>\n                    <div class=\"h-column h-column-container d-flex h-col-lg-6 h-col-md-6 h-col-12 style-460-outer style-local-130-c11-outer\">\n                      <div data-colibri-id=\"130-c11\" class=\"d-flex h-flex-basis h-column__inner h-px-lg-2 h-px-md-2 h-px-2 v-inner-lg-2 v-inner-md-2 v-inner-2 style-460 style-local-130-c11 position-relative\">\n                        <!---->\n                        <!---->\n                        <div class=\"w-100 h-y-container h-column__content h-column__v-align flex-basis-100 align-self-lg-start align-self-md-start align-self-start\">\n                          <!---->\n                          <div data-colibri-id=\"130-c12\" class=\"h-icon style-461 style-local-130-c12 position-relative h-element\">\n                            <!----><span class=\"h-svg-icon h-icon__icon style-461-icon style-local-130-c12-icon\"><!--Icon by Icons8 Line Awesome (https:\/\/icons8.com\/line-awesome)--><svg version=\"1.1\" xmlns=\"http:\/\/www.w3.org\/2000\/svg\" xmlns:xlink=\"http:\/\/www.w3.org\/1999\/xlink\" id=\"fire\" viewBox=\"0 0 512 545.5\"><path d=\"M214 80h20.5l4.5 3.5s40.11 32.385 80 81.5 81 115.58 81 187c0 31.645-5.328 68.21-31 97-21.904 24.565-57.47 41.08-111 45.5-1.366.113-2.61.403-4 .5-4.533.45-9.126 1-14 1-1.553 0-2.977-.444-4.5-.5-2.232.038-4.213.5-6.5.5-52.245 0-90.782-17.804-115-44.5s-34-60.92-34-93c0-67.91 31.738-122.08 63.5-165.5s62.7-78.963 67.5-100.5zm18 40c-13.89 29.85-37.857 58.313-62.5 92-30.27 41.38-57.5 88.54-57.5 146.5 0 25.52 8.126 51.797 26 71.5 3.8 4.19 8.225 7.885 13 11.5-1.243-3.085-2.63-6.25-3.5-9.5-9.907-36.977 1.58-81.166 31.5-121.5l15-20.5 12 22.5c8.178 15.284 16.754 21.514 21.5 23s6.79 1.01 11.5-4.5c9.418-11.023 18.256-48.034 1.5-102.5l-6-20.5h31l4.5 5.5c8.762 10.12 19.007 28.474 31 54.5s24.462 58.306 31 90.5c5.72 28.17 7.612 56.552-1 81.5 5.436-3.862 10.114-8.143 14-12.5 18.08-20.277 23-47.416 23-75.5 0-58.708-36.353-120.146-74-166.5-27.28-33.59-49.072-54.13-62-65.5zm49 187.5c-2.52 18.136-8.04 33.43-17.5 44.5-11.013 12.89-29.178 19.113-45.5 14-8.823-2.764-16.404-8.12-23.5-15.5-14.443 27.27-21.182 54.16-16 73.5 6.274 23.42 22.89 38.855 57.5 40 1.382.046 2.56 0 4 0 5.517-.17 10.973-.586 16-1 2.398-.288 4.85-.576 7-1 19.36-3.82 28.863-12.97 35-25.5 8.183-16.706 8.31-42.895 2.5-71.5-3.998-19.686-12.094-38.69-19.5-57.5z\"><\/path><\/svg><\/span><\/div>\n                          <div\n                            data-colibri-id=\"130-c13\" class=\"h-text h-text-component style-462 style-local-130-c13 position-relative h-element\">\n                            <!---->\n                            <!---->\n                            <div class=\"\">\n                              <p>Les accueils commencent avec un moment de regroupement. Assis-es sur des rondins dispos\u00e9s en cercle, nous nous disons bonjour, nous faisons connaissance quand il y a des nouveaux et nouvelles venu-es, nous exprimons notre\n                                m\u00e9t\u00e9o int\u00e9rieure si on en a envie&#8230; Le d\u00e9roul\u00e9 de la journ\u00e9e ou demi-journ\u00e9e<span style=\"font-weight: 400; font-size: 16px; font-family: Raleway; color: rgb(51, 102, 11);\">&nbsp;est expliqu\u00e9 rapidement, puis nous nous mettons en activit\u00e9 ! Nous d\u00e9marrons par une animation, ou du jeu libre, ou un pique-nique en fonction du moment de la journ\u00e9e !<\/span>                                <\/p>\n                              <p>Nous utilisons le feu pour cuisiner, ou juste griller un fruit ou un peu de pain. Le feu est f\u00e9d\u00e9rateur, il favorise le partage de moments chaleureux et conviviaux.&nbsp;<\/p>\n                            <\/div>\n                        <\/div>\n                      <\/div>\n                    <\/div>\n                  <\/div>\n                  <div class=\"h-column h-column-container d-flex h-col-lg-6 h-col-md-6 h-col-12 style-460-outer style-local-130-c14-outer\">\n                    <div data-colibri-id=\"130-c14\" class=\"d-flex h-flex-basis h-column__inner h-px-lg-2 h-px-md-2 h-px-2 v-inner-lg-2 v-inner-md-2 v-inner-2 style-460 style-local-130-c14 position-relative\">\n                      <!---->\n                      <!---->\n                      <div class=\"w-100 h-y-container h-column__content h-column__v-align flex-basis-100 align-self-lg-start align-self-md-start align-self-start\">\n                        <!---->\n                        <div data-colibri-id=\"130-c15\" class=\"h-icon style-461 style-local-130-c15 position-relative h-element\">\n                          <!----><span class=\"h-svg-icon h-icon__icon style-461-icon style-local-130-c15-icon\"><!--Icon by Icons8 Line Awesome (https:\/\/icons8.com\/line-awesome)--><svg version=\"1.1\" xmlns=\"http:\/\/www.w3.org\/2000\/svg\" xmlns:xlink=\"http:\/\/www.w3.org\/1999\/xlink\" id=\"bug\" viewBox=\"0 0 512 545.5\"><path d=\"M171.5 84.5l37 37c14.77-6.246 30.748-9.5 47.5-9.5s32.73 3.254 47.5 9.5l37-37 23 23-31 31c23.386 17.898 41.757 44.086 53.5 74.5l39-19.5 14 29-44 22c2.926 14.014 5 28.508 5 43.5 0 5.445-.1 10.662-.5 16H448v32h-54c-3.877 16.694-8.982 32.625-16.5 47l48 36-19 26-47-35c-25.885 32.894-62.166 54-103.5 54s-77.615-21.106-103.5-54l-47 35-19-26 48-36c-7.518-14.375-12.623-30.306-16.5-47H64v-32h48.5c-.4-5.338-.5-10.555-.5-16 0-14.992 2.074-29.486 5-43.5l-44-22 14-29 39 19.5c11.743-30.414 30.114-56.602 53.5-74.5l-31-31zM256 144c-31.648 0-61.237 17.5-82 46 18.14 8.18 46.79 18 82 18s63.86-9.82 82-18c-20.763-28.5-50.352-46-82-46zm-97.5 73.5c-9.104 20.666-14.5 44.616-14.5 70.5 0 74.058 43.164 132.505 96 142.5V239c-34.72-2.596-63.06-12.822-81.5-21.5zm195 0c-18.44 8.678-46.78 18.904-81.5 21.5v191.5c52.836-9.995 96-68.442 96-142.5 0-25.884-5.396-49.834-14.5-70.5z\"><\/path><\/svg><\/span><\/div>\n                        <div\n                          data-colibri-id=\"130-c16\" class=\"h-text h-text-component style-462 style-local-130-c16 position-relative h-element\">\n                          <!---->\n                          <!---->\n                          <div class=\"\">\n                            <p>Avant ou apr\u00e8s un temps de jeu libre, l&#8217;animatrice pr\u00e9sente en d\u00e9tail l&#8217;activit\u00e9 : bricolage, land art, observation des plantes, des traces et indices des animaux, construction de cabane\u2026 Elle est une proposition, elle n&#8217;est\n                              jamais obligatoire. Le plus souvent, nous restons au c\u0153ur de l&#8217;espace d\u00e9di\u00e9 \u00e0 Hulotte &amp; Barboulotte, dont les limites sont rep\u00e9rables facilement par tous. Comme nous avons \u00e9galement des prairies et un bois de conif\u00e8res,\n                              il arrive que nous en profitions pour faire un grand jeu, ou chercher des insectes par exemple.<\/p>\n                          <\/div>\n                      <\/div>\n                    <\/div>\n                  <\/div>\n                <\/div>\n                <div class=\"h-column h-column-container d-flex h-col-lg-6 h-col-md-6 h-col-12 style-460-outer style-local-130-c17-outer\">\n                  <div data-colibri-id=\"130-c17\" class=\"d-flex h-flex-basis h-column__inner h-px-lg-2 h-px-md-2 h-px-2 v-inner-lg-2 v-inner-md-2 v-inner-2 style-460 style-local-130-c17 position-relative\">\n                    <!---->\n                    <!---->\n                    <div class=\"w-100 h-y-container h-column__content h-column__v-align flex-basis-100 align-self-lg-start align-self-md-start align-self-start\">\n                      <!---->\n                      <div data-colibri-id=\"130-c18\" class=\"h-icon style-461 style-local-130-c18 position-relative h-element\">\n                        <!----><span class=\"h-svg-icon h-icon__icon style-461-icon style-local-130-c18-icon\"><!--Icon by Icons8 Line Awesome (https:\/\/icons8.com\/line-awesome)--><svg version=\"1.1\" xmlns=\"http:\/\/www.w3.org\/2000\/svg\" xmlns:xlink=\"http:\/\/www.w3.org\/1999\/xlink\" id=\"pagelines\" viewBox=\"0 0 512 545.5\"><path d=\"M241.5 96s61.5 19.88 61.5 71c0 23.55-7.816 41.514-13.5 52 .93 20.555.293 41.76-2.5 63 3.693-12.454 13.096-39.608 31-56 28.384-25.968 80.5-18.5 80.5-18.5s4.992 28.996-26 60.5c-30.186 30.684-83.694 21.03-86.5 20.5-3.964 26.39-11.18 52.395-21.5 76.5 12.91-17.148 40.978-47 78.5-47 39.632 0 65.5 21.5 65.5 21.5s-23.176 58.5-75 58.5c-46.87 0-70.602-16.662-75-20-1.657 3.346-3.202 6.755-5 10-29.338 52.968-78.852 92-150 92v-16c65.412 0 108.683-34.18 136-83.5.54-.974.974-2.015 1.5-3-9.54 4.327-26.05 10-51 10-61.456-.016-80.5-68.5-80.5-68.5s29.704-19.584 61-16c53.34 6.096 71.736 42.33 77.5 60 10.65-23.807 17.995-50.244 22-77-8.692 2.116-25.625 5.055-51 .5-39.632-7.104-63.928-35.912-69-73 0 0 37.756-13.72 67.5-3 30.606 11.027 47.126 42.485 54.5 60.5 1.642-15.68 1.977-31.258 1.5-46.5-14.61-8.438-41.062-28.31-45.5-60-5.84-41.904 13.5-68.5 13.5-68.5z\"><\/path><\/svg><\/span><\/div>\n                      <div\n                        data-colibri-id=\"130-c19\" class=\"h-text h-text-component style-462 style-local-130-c19 position-relative h-element\">\n                        <!---->\n                        <!---->\n                        <div class=\"\">\n                          <p>Avant la fin de l&#8217;atelier, nous nous retrouvons \u00e0 nouveau autour du feu pour un partage collectif : nous faisons le bilan, \u00e9coutons les impressions et les suggestions, nous pouvons aussi d\u00e9cider ensemble de ce que nous ferons\n                            la fois suivante. C&#8217;est alors le moment de se dire \u00ab au revoir, \u00e0 bient\u00f4t \u00bb, et de r\u00e9cup\u00e9rer toutes ses affaires -bien s\u00fbr-, et nous nous quittons jusqu&#8217;\u00e0 l&#8217;atelier suivant !<\/p>\n                        <\/div>\n                    <\/div>\n                  <\/div>\n                <\/div>\n              <\/div>\n            <\/div>\n          <\/div>\n        <\/div>\n      <\/div>\n    <\/div>\n  <\/div>\n<\/div>\n<div data-colibri-id=\"130-c20\" class=\"h-row-container gutters-row-lg-0 gutters-row-md-0 gutters-row-0 gutters-row-v-lg-0 gutters-row-v-md-0 gutters-row-v-0 style-463 style-local-130-c20 position-relative\">\n  <!---->\n  <div class=\"h-row justify-content-lg-center justify-content-md-center justify-content-center align-items-lg-stretch align-items-md-stretch align-items-stretch gutters-col-lg-0 gutters-col-md-0 gutters-col-0 gutters-col-v-lg-0 gutters-col-v-md-0 gutters-col-v-0\">\n    <!---->\n    <div class=\"h-column h-column-container d-flex h-col-lg-auto h-col-md-auto h-col-auto style-464-outer style-local-130-c21-outer\">\n      <div data-colibri-id=\"130-c21\" class=\"d-flex h-flex-basis h-column__inner h-ui-empty-state-container h-px-lg-0 h-px-md-0 h-px-0 v-inner-lg-0 v-inner-md-0 v-inner-0 style-464 style-local-130-c21 position-relative\">\n        <!---->\n        <!---->\n        <div class=\"w-100 h-y-container h-column__content h-column__v-align flex-basis-100\">\n          <!---->\n        <\/div>\n      <\/div>\n    <\/div>\n    <div class=\"h-column h-column-container d-flex h-col-lg-auto h-col-md-auto h-col-auto style-466-outer style-local-130-c22-outer\">\n      <div data-colibri-id=\"130-c22\" class=\"d-flex h-flex-basis h-column__inner h-px-lg-0 h-px-md-0 h-px-0 v-inner-lg-0 v-inner-md-0 v-inner-0 style-466 style-local-130-c22 position-relative\">\n        <!---->\n        <!---->\n        <div class=\"w-100 h-y-container h-column__content h-column__v-align flex-basis-100 align-self-lg-start align-self-md-start align-self-start\">\n          <!---->\n          <div data-colibri-id=\"130-c23\" class=\"h-text h-text-component style-473 style-local-130-c23 position-relative h-element\">\n            <!---->\n            <!---->\n            <div class=\"\">\n              <p>Des toilettes s\u00e8ches sont am\u00e9nag\u00e9es sur le site, ainsi que des lave-mains originaux.\n                <br>Il y a toujours de l&#8217;eau fra\u00eeche et des infusions pour se d\u00e9salt\u00e9rer.<\/p>\n            <\/div>\n          <\/div>\n        <\/div>\n      <\/div>\n    <\/div>\n  <\/div>\n<\/div>\n<\/div>\n<\/div>\n<\/div>","protected":false},"excerpt":{"rendered":"<p>Comment se d\u00e9roule l&#8217;accueil pour des ateliers chez Hulotte &amp; Barboulotte ? A votre arriv\u00e9e, vous \u00eates attendus pr\u00e8s de la zone de parking, au pied d&#8217;une prairie qui monte vers la for\u00eat. En deux minutes, nous sommes dans les bois. Nous suivons un petit chemin qui m\u00e8ne chez Hulotte &amp; Barboulotte. Les accueils commencent [&hellip;]<\/p>\n","protected":false},"author":1,"featured_media":0,"parent":123,"menu_order":3,"comment_status":"closed","ping_status":"closed","template":"page-templates\/full-width-page.php","meta":{"om_disable_all_campaigns":false,"_monsterinsights_skip_tracking":false,"_monsterinsights_sitenote_active":false,"_monsterinsights_sitenote_note":"","_monsterinsights_sitenote_category":0,"footnotes":""},"class_list":["post-130","page","type-page","status-publish","hentry"],"aioseo_notices":[],"_links":{"self":[{"href":"https:\/\/hulotteetbarboulotte.fr\/index.php\/wp-json\/wp\/v2\/pages\/130","targetHints":{"allow":["GET"]}}],"collection":[{"href":"https:\/\/hulotteetbarboulotte.fr\/index.php\/wp-json\/wp\/v2\/pages"}],"about":[{"href":"https:\/\/hulotteetbarboulotte.fr\/index.php\/wp-json\/wp\/v2\/types\/page"}],"author":[{"embeddable":true,"href":"https:\/\/hulotteetbarboulotte.fr\/index.php\/wp-json\/wp\/v2\/users\/1"}],"replies":[{"embeddable":true,"href":"https:\/\/hulotteetbarboulotte.fr\/index.php\/wp-json\/wp\/v2\/comments?post=130"}],"version-history":[{"count":7,"href":"https:\/\/hulotteetbarboulotte.fr\/index.php\/wp-json\/wp\/v2\/pages\/130\/revisions"}],"predecessor-version":[{"id":1723,"href":"https:\/\/hulotteetbarboulotte.fr\/index.php\/wp-json\/wp\/v2\/pages\/130\/revisions\/1723"}],"up":[{"embeddable":true,"href":"https:\/\/hulotteetbarboulotte.fr\/index.php\/wp-json\/wp\/v2\/pages\/123"}],"wp:attachment":[{"href":"https:\/\/hulotteetbarboulotte.fr\/index.php\/wp-json\/wp\/v2\/media?parent=130"}],"curies":[{"name":"wp","href":"https:\/\/api.w.org\/{rel}","templated":true}]}}