{"id":259,"date":"2022-03-09T20:00:43","date_gmt":"2022-03-09T19:00:43","guid":{"rendered":"http:\/\/hulotteetbarboulotte.fr\/?page_id=259"},"modified":"2025-09-12T18:58:00","modified_gmt":"2025-09-12T16:58:00","slug":"les-ateliers-du-mercredi","status":"publish","type":"page","link":"https:\/\/hulotteetbarboulotte.fr\/index.php\/les-ateliers\/les-ateliers-du-mercredi\/","title":{"rendered":"Les ateliers du Mercredi"},"content":{"rendered":"<div data-colibri-id=\"259-c1\" class=\"style-537 style-local-259-c1 position-relative\">\n  <!---->\n  <div data-colibri-component=\"section\" data-colibri-id=\"259-c2\" id=\"about\" class=\"h-section h-section-global-spacing d-flex align-items-lg-center align-items-md-center align-items-center style-564 style-local-259-c2 position-relative\">\n    <!---->\n    <!---->\n    <div class=\"h-section-grid-container h-section-boxed-container\">\n      <!---->\n      <div data-colibri-id=\"259-c3\" class=\"h-row-container gutters-row-lg-2 gutters-row-md-2 gutters-row-0 gutters-row-v-lg-2 gutters-row-v-md-2 gutters-row-v-2 style-571 style-local-259-c3 position-relative\">\n        <!---->\n        <div class=\"h-row justify-content-lg-center justify-content-md-center justify-content-center align-items-lg-stretch align-items-md-stretch align-items-stretch gutters-col-lg-2 gutters-col-md-2 gutters-col-0 gutters-col-v-lg-2 gutters-col-v-md-2 gutters-col-v-2\">\n          <!---->\n          <div class=\"h-column h-column-container d-flex h-col-lg-auto h-col-md-auto h-col-auto style-572-outer style-local-259-c4-outer\">\n            <div data-colibri-id=\"259-c4\" class=\"d-flex h-flex-basis h-column__inner h-px-lg-2 h-px-md-2 h-px-2 v-inner-lg-2 v-inner-md-2 v-inner-2 style-572 style-local-259-c4 position-relative\">\n              <!---->\n              <!---->\n              <div class=\"w-100 h-y-container h-column__content h-column__v-align flex-basis-100 align-self-lg-start align-self-md-start align-self-start\">\n                <!---->\n                <div data-colibri-id=\"259-c5\" class=\"d-block style-574 style-local-259-c5 position-relative h-element\">\n                  <!---->\n                  <div class=\"h-image__frame-container-outer\">\n                    <div class=\"h-image__frame-container\">\n                      <!---->\n                      <!---->\n                      <img loading=\"lazy\" decoding=\"async\" width=\"1920\" height=\"372\" src=\"https:\/\/hulotteetbarboulotte.fr\/wp-content\/uploads\/2024\/09\/VOLETTE-HULOTTE-ET-BARBOULOTTE-BANDEAUX-LIENS-PAGE-3-1-ATELIERS-DU-MERCREDI-2.png\" class=\"wp-image-1479 style-574-image style-local-259-c5-image\" alt=\"\" srcset=\"https:\/\/hulotteetbarboulotte.fr\/wp-content\/uploads\/2024\/09\/VOLETTE-HULOTTE-ET-BARBOULOTTE-BANDEAUX-LIENS-PAGE-3-1-ATELIERS-DU-MERCREDI-2.png 1920w, https:\/\/hulotteetbarboulotte.fr\/wp-content\/uploads\/2024\/09\/VOLETTE-HULOTTE-ET-BARBOULOTTE-BANDEAUX-LIENS-PAGE-3-1-ATELIERS-DU-MERCREDI-2-300x58.png 300w, https:\/\/hulotteetbarboulotte.fr\/wp-content\/uploads\/2024\/09\/VOLETTE-HULOTTE-ET-BARBOULOTTE-BANDEAUX-LIENS-PAGE-3-1-ATELIERS-DU-MERCREDI-2-1024x198.png 1024w, https:\/\/hulotteetbarboulotte.fr\/wp-content\/uploads\/2024\/09\/VOLETTE-HULOTTE-ET-BARBOULOTTE-BANDEAUX-LIENS-PAGE-3-1-ATELIERS-DU-MERCREDI-2-768x149.png 768w, https:\/\/hulotteetbarboulotte.fr\/wp-content\/uploads\/2024\/09\/VOLETTE-HULOTTE-ET-BARBOULOTTE-BANDEAUX-LIENS-PAGE-3-1-ATELIERS-DU-MERCREDI-2-1536x298.png 1536w\" sizes=\"auto, (max-width: 1920px) 100vw, 1920px\" \/>\n                      <div class=\"h-image__frame h-hide-lg h-hide-md h-hide-sm style-574-frameImage style-local-259-c5-frameImage\"><\/div>\n                    <\/div>\n                  <\/div>\n                <\/div>\n              <\/div>\n            <\/div>\n          <\/div>\n        <\/div>\n      <\/div>\n      <div data-colibri-id=\"259-c6\" class=\"h-row-container gutters-row-lg-0 gutters-row-md-0 gutters-row-0 gutters-row-v-lg-0 gutters-row-v-md-0 gutters-row-v-0 style-565 style-local-259-c6 position-relative\">\n        <!---->\n        <div class=\"h-row justify-content-lg-center justify-content-md-center justify-content-center align-items-lg-center align-items-md-center align-items-center gutters-col-lg-0 gutters-col-md-0 gutters-col-0 gutters-col-v-lg-0 gutters-col-v-md-0 gutters-col-v-0\">\n          <!---->\n          <div class=\"h-column h-column-container d-flex h-col-lg-auto h-col-md-auto h-col-auto align-self-lg-center align-self-md-center align-self-center style-566-outer style-local-259-c7-outer\">\n            <div data-colibri-id=\"259-c7\" class=\"d-flex h-flex-basis h-column__inner h-px-lg-0 h-px-md-0 h-px-0 v-inner-lg-0 v-inner-md-0 v-inner-0 style-566 style-local-259-c7 position-relative\">\n              <!---->\n              <!---->\n              <div class=\"w-100 h-y-container h-column__content h-column__v-align flex-basis-100 align-self-lg-start align-self-md-start align-self-start\">\n                <!---->\n                <div data-colibri-id=\"259-c8\" class=\"h-global-transition-all h-heading style-568 style-local-259-c8 position-relative h-element\">\n                  <!---->\n                  <div class=\"h-heading__outer style-568 style-local-259-c8\">\n                    <!---->\n                    <!---->\n                    <h5 class=\"\">Un moment de libert\u00e9 pour les enfants : jeu, patouille, cr\u00e9ativit\u00e9, bricolage&#8230; Laissons les enfants \u00eatre les aventuriers et les aventuri\u00e8res de leur vie, explorer la nature, d\u00e9velopper leurs capacit\u00e9s, et toujours apprendre ! Des\n                      ateliers en groupe multi-\u00e2ges, des activit\u00e9s adapt\u00e9es \u00e0 chacun-e, favorisant l&#8217;entraide et la coop\u00e9ration.<\/h5>\n                  <\/div>\n                <\/div>\n                <div data-colibri-id=\"259-c9\" class=\"h-text h-text-component style-569 style-local-259-c9 position-relative h-element\">\n                  <!---->\n                  <!---->\n                  <div class=\"\">\n                    <p>Ateliers en p\u00e9riode scolaire l&#8217;apr\u00e8s midi de 14h30 \u00e0 16h20.<\/p>\n                  <\/div>\n                <\/div>\n              <\/div>\n            <\/div>\n          <\/div>\n          <div class=\"h-column h-column-container d-flex h-col-lg-auto h-col-md-auto h-col-auto align-self-lg-center align-self-md-center align-self-center style-570-outer style-local-259-c10-outer\">\n            <div data-colibri-id=\"259-c10\" class=\"d-flex h-flex-basis h-column__inner h-ui-empty-state-container h-px-lg-2 h-px-md-2 h-px-2 v-inner-lg-2 v-inner-md-2 v-inner-2 style-570 style-local-259-c10 position-relative\">\n              <!---->\n              <!---->\n              <div class=\"w-100 h-y-container h-column__content h-column__v-align flex-basis-100\">\n                <!---->\n              <\/div>\n            <\/div>\n          <\/div>\n        <\/div>\n      <\/div>\n      <div data-colibri-id=\"259-c11\" class=\"h-row-container gutters-row-lg-2 gutters-row-md-2 gutters-row-0 gutters-row-v-lg-2 gutters-row-v-md-2 gutters-row-v-2 style-575 style-local-259-c11 position-relative\">\n        <!---->\n        <div class=\"h-row justify-content-lg-center justify-content-md-center justify-content-center align-items-lg-stretch align-items-md-stretch align-items-stretch gutters-col-lg-2 gutters-col-md-2 gutters-col-0 gutters-col-v-lg-2 gutters-col-v-md-2 gutters-col-v-2\">\n          <!---->\n          <div class=\"h-column h-column-container d-flex h-col-lg-auto h-col-md-auto h-col-auto style-576-outer style-local-259-c12-outer\">\n            <div data-colibri-id=\"259-c12\" class=\"d-flex h-flex-basis h-column__inner h-px-lg-2 h-px-md-2 h-px-2 v-inner-lg-2 v-inner-md-2 v-inner-2 style-576 style-local-259-c12 position-relative\">\n              <!---->\n              <!---->\n              <div class=\"w-100 h-y-container h-column__content h-column__v-align flex-basis-100 align-self-lg-center align-self-md-center align-self-center\">\n                <!---->\n                <div data-colibri-id=\"259-c13\" class=\"h-text h-text-component style-578 style-local-259-c13 position-relative h-element\">\n                  <!---->\n                  <!---->\n                  <div class=\"\">\n                    <p>Groupe limit\u00e9 \u00e0 12 enfants, encadr\u00e9s par 2 adultes animateurs animatrices.\n                      <br>Les activit\u00e9s ont lieu par tous les temps (sauf en cas d&#8217;orage ou vent violent).\n                      <br>Pr\u00e9voir des v\u00eatements qui ne craignent rien et adapt\u00e9s \u00e0 la m\u00e9t\u00e9o du jour !<\/p>\n                  <\/div>\n                <\/div>\n              <\/div>\n            <\/div>\n          <\/div>\n          <div class=\"h-column h-column-container d-flex h-col-lg-auto h-col-md-auto h-col-auto style-580-outer style-local-259-c14-outer\">\n            <div data-colibri-id=\"259-c14\" class=\"d-flex h-flex-basis h-column__inner h-px-lg-2 h-px-md-2 h-px-2 v-inner-lg-2 v-inner-md-2 v-inner-2 style-580 style-local-259-c14 position-relative\">\n              <!---->\n              <!---->\n              <div class=\"w-100 h-y-container h-column__content h-column__v-align flex-basis-100 align-self-lg-center align-self-md-center align-self-center\">\n                <!---->\n                <div data-colibri-id=\"259-c15\" class=\"h-x-container style-581 style-local-259-c15 position-relative h-element\">\n                  <!---->\n                  <div class=\"h-x-container-inner style-dynamic-259-c15-group style-581-spacing style-local-259-c15-spacing\"><span class=\"h-link__outer style-582-outer style-local-259-c16-outer d-inline-flex h-element\"><a h-use-smooth-scroll=\"true\" href=\"https:\/\/hulotteetbarboulotte.fr\/index.php\/evenements-et-calendrier\/calendrier-des-ateliers\/\"  data-colibri-id=\"259-c16\" class=\"d-flex w-100 align-items-center h-link style-582 style-local-259-c16 position-relative\"><!----><!----> <span>Pour fixer les dates d&#8217;inscription, consultez le calendrier.<\/span><\/a>\n                    <\/span>\n                  <\/div>\n                <\/div>\n              <\/div>\n            <\/div>\n          <\/div>\n        <\/div>\n      <\/div>\n    <\/div>\n  <\/div>\n<\/div>","protected":false},"excerpt":{"rendered":"<p>Un moment de libert\u00e9 pour les enfants : jeu, patouille, cr\u00e9ativit\u00e9, bricolage&#8230; Laissons les enfants \u00eatre les aventuriers et les aventuri\u00e8res de leur vie, explorer la nature, d\u00e9velopper leurs capacit\u00e9s, et toujours apprendre ! Des ateliers en groupe multi-\u00e2ges, des activit\u00e9s adapt\u00e9es \u00e0 chacun-e, favorisant l&#8217;entraide et la coop\u00e9ration. Ateliers en p\u00e9riode scolaire l&#8217;apr\u00e8s midi [&hellip;]<\/p>\n","protected":false},"author":1,"featured_media":0,"parent":257,"menu_order":1,"comment_status":"closed","ping_status":"closed","template":"page-templates\/full-width-page.php","meta":{"om_disable_all_campaigns":false,"_monsterinsights_skip_tracking":false,"_monsterinsights_sitenote_active":false,"_monsterinsights_sitenote_note":"","_monsterinsights_sitenote_category":0,"footnotes":""},"class_list":["post-259","page","type-page","status-publish","hentry"],"aioseo_notices":[],"_links":{"self":[{"href":"https:\/\/hulotteetbarboulotte.fr\/index.php\/wp-json\/wp\/v2\/pages\/259","targetHints":{"allow":["GET"]}}],"collection":[{"href":"https:\/\/hulotteetbarboulotte.fr\/index.php\/wp-json\/wp\/v2\/pages"}],"about":[{"href":"https:\/\/hulotteetbarboulotte.fr\/index.php\/wp-json\/wp\/v2\/types\/page"}],"author":[{"embeddable":true,"href":"https:\/\/hulotteetbarboulotte.fr\/index.php\/wp-json\/wp\/v2\/users\/1"}],"replies":[{"embeddable":true,"href":"https:\/\/hulotteetbarboulotte.fr\/index.php\/wp-json\/wp\/v2\/comments?post=259"}],"version-history":[{"count":8,"href":"https:\/\/hulotteetbarboulotte.fr\/index.php\/wp-json\/wp\/v2\/pages\/259\/revisions"}],"predecessor-version":[{"id":1646,"href":"https:\/\/hulotteetbarboulotte.fr\/index.php\/wp-json\/wp\/v2\/pages\/259\/revisions\/1646"}],"up":[{"embeddable":true,"href":"https:\/\/hulotteetbarboulotte.fr\/index.php\/wp-json\/wp\/v2\/pages\/257"}],"wp:attachment":[{"href":"https:\/\/hulotteetbarboulotte.fr\/index.php\/wp-json\/wp\/v2\/media?parent=259"}],"curies":[{"name":"wp","href":"https:\/\/api.w.org\/{rel}","templated":true}]}}