{"id":261,"date":"2022-03-09T20:01:59","date_gmt":"2022-03-09T19:01:59","guid":{"rendered":"http:\/\/hulotteetbarboulotte.fr\/?page_id=261"},"modified":"2025-09-12T19:01:37","modified_gmt":"2025-09-12T17:01:37","slug":"les-ateliers-famille-des-bois","status":"publish","type":"page","link":"https:\/\/hulotteetbarboulotte.fr\/index.php\/les-ateliers\/les-ateliers-famille-des-bois\/","title":{"rendered":"Les ateliers famille des bois"},"content":{"rendered":"<div data-colibri-id=\"261-c1\" class=\"style-583 style-local-261-c1 position-relative\">\n  <!---->\n  <div data-colibri-component=\"section\" data-colibri-id=\"261-c2\" id=\"reusable-sections\" class=\"h-section h-section-global-spacing d-flex align-items-lg-center align-items-md-center align-items-center style-584 style-local-261-c2 position-relative\">\n    <!---->\n    <!---->\n    <div class=\"h-section-grid-container h-section-boxed-container\">\n      <!---->\n      <div data-colibri-id=\"261-c3\" class=\"h-row-container gutters-row-lg-2 gutters-row-md-2 gutters-row-0 gutters-row-v-lg-2 gutters-row-v-md-2 gutters-row-v-2 style-585 style-local-261-c3 position-relative\">\n        <!---->\n        <div class=\"h-row justify-content-lg-center justify-content-md-center justify-content-center align-items-lg-stretch align-items-md-stretch align-items-stretch gutters-col-lg-2 gutters-col-md-2 gutters-col-0 gutters-col-v-lg-2 gutters-col-v-md-2 gutters-col-v-2\">\n          <!---->\n          <div class=\"h-column h-column-container d-flex h-col-lg-auto h-col-md-auto h-col-auto style-586-outer style-local-261-c4-outer\">\n            <div data-colibri-id=\"261-c4\" class=\"d-flex h-flex-basis h-column__inner h-px-lg-2 h-px-md-2 h-px-2 v-inner-lg-2 v-inner-md-2 v-inner-2 style-586 style-local-261-c4 position-relative\">\n              <!---->\n              <!---->\n              <div class=\"w-100 h-y-container h-column__content h-column__v-align flex-basis-100 align-self-lg-start align-self-md-start align-self-start\">\n                <!---->\n                <div data-colibri-id=\"261-c5\" class=\"d-block style-587 style-local-261-c5 position-relative h-element\">\n                  <!---->\n                  <div class=\"h-image__frame-container-outer\">\n                    <div class=\"h-image__frame-container\">\n                      <!---->\n                      <!---->\n                      <img loading=\"lazy\" decoding=\"async\" width=\"1920\" height=\"372\" src=\"https:\/\/hulotteetbarboulotte.fr\/wp-content\/uploads\/2022\/03\/VOLETTE-HULOTTE-ET-BARBOULOTTE-BANDEAUX-LIENS-PAGE-3-2-ATELIERS-FAMILLE-DES-BOIS.png\" class=\"wp-image-465 style-587-image style-local-261-c5-image\" alt=\"\" srcset=\"https:\/\/hulotteetbarboulotte.fr\/wp-content\/uploads\/2022\/03\/VOLETTE-HULOTTE-ET-BARBOULOTTE-BANDEAUX-LIENS-PAGE-3-2-ATELIERS-FAMILLE-DES-BOIS.png 1920w, https:\/\/hulotteetbarboulotte.fr\/wp-content\/uploads\/2022\/03\/VOLETTE-HULOTTE-ET-BARBOULOTTE-BANDEAUX-LIENS-PAGE-3-2-ATELIERS-FAMILLE-DES-BOIS-300x58.png 300w, https:\/\/hulotteetbarboulotte.fr\/wp-content\/uploads\/2022\/03\/VOLETTE-HULOTTE-ET-BARBOULOTTE-BANDEAUX-LIENS-PAGE-3-2-ATELIERS-FAMILLE-DES-BOIS-1024x198.png 1024w, https:\/\/hulotteetbarboulotte.fr\/wp-content\/uploads\/2022\/03\/VOLETTE-HULOTTE-ET-BARBOULOTTE-BANDEAUX-LIENS-PAGE-3-2-ATELIERS-FAMILLE-DES-BOIS-768x149.png 768w, https:\/\/hulotteetbarboulotte.fr\/wp-content\/uploads\/2022\/03\/VOLETTE-HULOTTE-ET-BARBOULOTTE-BANDEAUX-LIENS-PAGE-3-2-ATELIERS-FAMILLE-DES-BOIS-1536x298.png 1536w\" sizes=\"auto, (max-width: 1920px) 100vw, 1920px\" \/>\n                      <div class=\"h-image__frame h-hide-lg h-hide-md h-hide-sm style-587-frameImage style-local-261-c5-frameImage\"><\/div>\n                    <\/div>\n                  <\/div>\n                <\/div>\n              <\/div>\n            <\/div>\n          <\/div>\n        <\/div>\n      <\/div>\n      <div data-colibri-id=\"261-c6\" class=\"h-row-container gutters-row-lg-0 gutters-row-md-0 gutters-row-0 gutters-row-v-lg-0 gutters-row-v-md-0 gutters-row-v-0 style-588 style-local-261-c6 position-relative\">\n        <!---->\n        <div class=\"h-row justify-content-lg-center justify-content-md-center justify-content-center align-items-lg-center align-items-md-center align-items-center gutters-col-lg-0 gutters-col-md-0 gutters-col-0 gutters-col-v-lg-0 gutters-col-v-md-0 gutters-col-v-0\">\n          <!---->\n          <div class=\"h-column h-column-container d-flex h-col-lg-auto h-col-md-auto h-col-auto align-self-lg-center align-self-md-center align-self-center style-589-outer style-local-261-c7-outer\">\n            <div data-colibri-id=\"261-c7\" class=\"d-flex h-flex-basis h-column__inner h-px-lg-0 h-px-md-0 h-px-0 v-inner-lg-0 v-inner-md-0 v-inner-0 style-589 style-local-261-c7 position-relative\">\n              <!---->\n              <!---->\n              <div class=\"w-100 h-y-container h-column__content h-column__v-align flex-basis-100 align-self-lg-start align-self-md-start align-self-start\">\n                <!---->\n                <div data-colibri-id=\"261-c8\" class=\"h-global-transition-all h-heading style-590 style-local-261-c8 position-relative h-element\">\n                  <!---->\n                  <div class=\"h-heading__outer style-590 style-local-261-c8\">\n                    <!---->\n                    <!---->\n                    <h5 class=\"\">Pour les \u00ab grand-es \u00bb, c&#8217;est un moment privil\u00e9gi\u00e9 pour retrouver l&#8217;enfant qui est en vous, et partager avec les \u00ab petit-es \u00bb des activit\u00e9s communes : grand jeu, bricolage, cr\u00e9ation artistique&#8230; Profitez d&#8217;un moment chaleureux et convivial,\n                      pour vous d\u00e9tendre et vous amuser, pour profiter du calme ressour\u00e7ant de la for\u00eat, et prendre le temps loin du rythme de la semaine. Cet atelier s&#8217;adresse \u00e0 tous les \u00e2ges !<\/h5>\n                  <\/div>\n                <\/div>\n                <div data-colibri-id=\"261-c9\" class=\"h-text h-text-component style-591 style-local-261-c9 position-relative h-element\">\n                  <!---->\n                  <!---->\n                  <div class=\"\">\n                    <p>Vous apportez votre pique-nique, nous l&#8217;agr\u00e9mentons d&#8217;une pr\u00e9paration sal\u00e9e ou sucr\u00e9e cuisin\u00e9e sur le feu. Des boissons chaudes et froides sont \u00e0 votre disposition.<\/p>\n                  <\/div>\n                <\/div>\n              <\/div>\n            <\/div>\n          <\/div>\n          <div class=\"h-column h-column-container d-flex h-col-lg-auto h-col-md-auto h-col-auto align-self-lg-center align-self-md-center align-self-center style-592-outer style-local-261-c10-outer\">\n            <div data-colibri-id=\"261-c10\" class=\"d-flex h-flex-basis h-column__inner h-ui-empty-state-container h-px-lg-2 h-px-md-2 h-px-2 v-inner-lg-2 v-inner-md-2 v-inner-2 style-592 style-local-261-c10 position-relative\">\n              <!---->\n              <!---->\n              <div class=\"w-100 h-y-container h-column__content h-column__v-align flex-basis-100\">\n                <!---->\n              <\/div>\n            <\/div>\n          <\/div>\n        <\/div>\n      <\/div>\n      <div data-colibri-id=\"261-c11\" class=\"h-row-container gutters-row-lg-2 gutters-row-md-2 gutters-row-0 gutters-row-v-lg-2 gutters-row-v-md-2 gutters-row-v-2 style-593 style-local-261-c11 position-relative\">\n        <!---->\n        <div class=\"h-row justify-content-lg-center justify-content-md-center justify-content-center align-items-lg-stretch align-items-md-stretch align-items-stretch gutters-col-lg-2 gutters-col-md-2 gutters-col-0 gutters-col-v-lg-2 gutters-col-v-md-2 gutters-col-v-2\">\n          <!---->\n          <div class=\"h-column h-column-container d-flex h-col-lg-auto h-col-md-auto h-col-auto style-594-outer style-local-261-c12-outer\">\n            <div data-colibri-id=\"261-c12\" class=\"d-flex h-flex-basis h-column__inner h-px-lg-2 h-px-md-2 h-px-2 v-inner-lg-2 v-inner-md-2 v-inner-2 style-594 style-local-261-c12 position-relative\">\n              <!---->\n              <!---->\n              <div class=\"w-100 h-y-container h-column__content h-column__v-align flex-basis-100 align-self-lg-center align-self-md-center align-self-center\">\n                <!---->\n                <div data-colibri-id=\"261-c13\" class=\"h-text h-text-component style-595 style-local-261-c13 position-relative h-element\">\n                  <!---->\n                  <!---->\n                  <div class=\"\">\n                    <p>Les ateliers ont lieu \u00ab presque \u00bb par tous les temps (sauf en cas d&#8217;orage ou vent violent, et forte pluie). Pr\u00e9voir pour tous des v\u00eatements qui ne craignent rien et adapt\u00e9s \u00e0 la m\u00e9t\u00e9o du jour !<\/p>\n                    <p>Dans le cas o\u00f9 la m\u00e9t\u00e9o nous impose d&#8217;annuler l&#8217;atelier, nous essaierons de proposer une date de repli.<\/p>\n                  <\/div>\n                <\/div>\n              <\/div>\n            <\/div>\n          <\/div>\n          <div class=\"h-column h-column-container d-flex h-col-lg-auto h-col-md-auto h-col-auto style-596-outer style-local-261-c14-outer\">\n            <div data-colibri-id=\"261-c14\" class=\"d-flex h-flex-basis h-column__inner h-px-lg-2 h-px-md-2 h-px-2 v-inner-lg-2 v-inner-md-2 v-inner-2 style-596 style-local-261-c14 position-relative\">\n              <!---->\n              <!---->\n              <div class=\"w-100 h-y-container h-column__content h-column__v-align flex-basis-100 align-self-lg-center align-self-md-center align-self-center\">\n                <!---->\n                <div data-colibri-id=\"261-c15\" class=\"h-x-container style-597 style-local-261-c15 position-relative h-element\">\n                  <!---->\n                  <div class=\"h-x-container-inner style-dynamic-261-c15-group style-597-spacing style-local-261-c15-spacing\"><span class=\"h-link__outer style-598-outer style-local-261-c16-outer d-inline-flex h-element\"><a h-use-smooth-scroll=\"true\" href=\"https:\/\/hulotteetbarboulotte.fr\/index.php\/evenements-et-calendrier\/calendrier-des-ateliers\/\"  data-colibri-id=\"261-c16\" class=\"d-flex w-100 align-items-center h-link style-598 style-local-261-c16 position-relative\"><!----><!----> <span>Consultez le calendrier pour conna\u00eetre les dates des ateliers familles des bois.<\/span><\/a>\n                    <\/span>\n                  <\/div>\n                <\/div>\n              <\/div>\n            <\/div>\n          <\/div>\n        <\/div>\n      <\/div>\n    <\/div>\n  <\/div>\n<\/div>","protected":false},"excerpt":{"rendered":"<p>Pour les \u00ab grand-es \u00bb, c&#8217;est un moment privil\u00e9gi\u00e9 pour retrouver l&#8217;enfant qui est en vous, et partager avec les \u00ab petit-es \u00bb des activit\u00e9s communes : grand jeu, bricolage, cr\u00e9ation artistique&#8230; Profitez d&#8217;un moment chaleureux et convivial, pour vous d\u00e9tendre et vous amuser, pour profiter du calme ressour\u00e7ant de la for\u00eat, et prendre le [&hellip;]<\/p>\n","protected":false},"author":1,"featured_media":0,"parent":257,"menu_order":2,"comment_status":"closed","ping_status":"closed","template":"page-templates\/full-width-page.php","meta":{"om_disable_all_campaigns":false,"_monsterinsights_skip_tracking":false,"_monsterinsights_sitenote_active":false,"_monsterinsights_sitenote_note":"","_monsterinsights_sitenote_category":0,"footnotes":""},"class_list":["post-261","page","type-page","status-publish","hentry"],"aioseo_notices":[],"_links":{"self":[{"href":"https:\/\/hulotteetbarboulotte.fr\/index.php\/wp-json\/wp\/v2\/pages\/261","targetHints":{"allow":["GET"]}}],"collection":[{"href":"https:\/\/hulotteetbarboulotte.fr\/index.php\/wp-json\/wp\/v2\/pages"}],"about":[{"href":"https:\/\/hulotteetbarboulotte.fr\/index.php\/wp-json\/wp\/v2\/types\/page"}],"author":[{"embeddable":true,"href":"https:\/\/hulotteetbarboulotte.fr\/index.php\/wp-json\/wp\/v2\/users\/1"}],"replies":[{"embeddable":true,"href":"https:\/\/hulotteetbarboulotte.fr\/index.php\/wp-json\/wp\/v2\/comments?post=261"}],"version-history":[{"count":4,"href":"https:\/\/hulotteetbarboulotte.fr\/index.php\/wp-json\/wp\/v2\/pages\/261\/revisions"}],"predecessor-version":[{"id":1653,"href":"https:\/\/hulotteetbarboulotte.fr\/index.php\/wp-json\/wp\/v2\/pages\/261\/revisions\/1653"}],"up":[{"embeddable":true,"href":"https:\/\/hulotteetbarboulotte.fr\/index.php\/wp-json\/wp\/v2\/pages\/257"}],"wp:attachment":[{"href":"https:\/\/hulotteetbarboulotte.fr\/index.php\/wp-json\/wp\/v2\/media?parent=261"}],"curies":[{"name":"wp","href":"https:\/\/api.w.org\/{rel}","templated":true}]}}