{"id":263,"date":"2022-03-09T20:02:25","date_gmt":"2022-03-09T19:02:25","guid":{"rendered":"http:\/\/hulotteetbarboulotte.fr\/?page_id=263"},"modified":"2025-09-12T19:04:25","modified_gmt":"2025-09-12T17:04:25","slug":"les-ateliers-des-tout-petits","status":"publish","type":"page","link":"https:\/\/hulotteetbarboulotte.fr\/index.php\/les-ateliers\/les-ateliers-des-tout-petits\/","title":{"rendered":"Les ateliers des tout-petits"},"content":{"rendered":"<div data-colibri-id=\"263-c1\" class=\"style-599 style-local-263-c1 position-relative\">\n  <!---->\n  <div data-colibri-component=\"section\" data-colibri-id=\"263-c2\" id=\"reusable-sections\" class=\"h-section h-section-global-spacing d-flex align-items-lg-center align-items-md-center align-items-center style-600 style-local-263-c2 position-relative\">\n    <!---->\n    <!---->\n    <div class=\"h-section-grid-container h-section-boxed-container\">\n      <!---->\n      <div data-colibri-id=\"263-c3\" class=\"h-row-container gutters-row-lg-2 gutters-row-md-2 gutters-row-0 gutters-row-v-lg-2 gutters-row-v-md-2 gutters-row-v-2 style-601 style-local-263-c3 position-relative\">\n        <!---->\n        <div class=\"h-row justify-content-lg-center justify-content-md-center justify-content-center align-items-lg-stretch align-items-md-stretch align-items-stretch gutters-col-lg-2 gutters-col-md-2 gutters-col-0 gutters-col-v-lg-2 gutters-col-v-md-2 gutters-col-v-2\">\n          <!---->\n          <div class=\"h-column h-column-container d-flex h-col-lg-auto h-col-md-auto h-col-auto style-602-outer style-local-263-c4-outer\">\n            <div data-colibri-id=\"263-c4\" class=\"d-flex h-flex-basis h-column__inner h-px-lg-2 h-px-md-2 h-px-2 v-inner-lg-2 v-inner-md-2 v-inner-2 style-602 style-local-263-c4 position-relative\">\n              <!---->\n              <!---->\n              <div class=\"w-100 h-y-container h-column__content h-column__v-align flex-basis-100 align-self-lg-start align-self-md-start align-self-start\">\n                <!---->\n                <div data-colibri-id=\"263-c5\" class=\"d-block style-603 style-local-263-c5 position-relative h-element\">\n                  <!---->\n                  <div class=\"h-image__frame-container-outer\">\n                    <div class=\"h-image__frame-container\">\n                      <!---->\n                      <!---->\n                      <img loading=\"lazy\" decoding=\"async\" width=\"1920\" height=\"372\" src=\"https:\/\/hulotteetbarboulotte.fr\/wp-content\/uploads\/2022\/03\/cropped-VOLETTE-HULOTTE-ET-BARBOULOTTE-BANDEAUX-LIENS-PAGE-3-3-ATELIERS-TOUT-PETITS.png\" class=\"wp-image-502 style-603-image style-local-263-c5-image\" alt=\"\" srcset=\"https:\/\/hulotteetbarboulotte.fr\/wp-content\/uploads\/2022\/03\/cropped-VOLETTE-HULOTTE-ET-BARBOULOTTE-BANDEAUX-LIENS-PAGE-3-3-ATELIERS-TOUT-PETITS.png 1920w, https:\/\/hulotteetbarboulotte.fr\/wp-content\/uploads\/2022\/03\/cropped-VOLETTE-HULOTTE-ET-BARBOULOTTE-BANDEAUX-LIENS-PAGE-3-3-ATELIERS-TOUT-PETITS-300x58.png 300w, https:\/\/hulotteetbarboulotte.fr\/wp-content\/uploads\/2022\/03\/cropped-VOLETTE-HULOTTE-ET-BARBOULOTTE-BANDEAUX-LIENS-PAGE-3-3-ATELIERS-TOUT-PETITS-1024x198.png 1024w, https:\/\/hulotteetbarboulotte.fr\/wp-content\/uploads\/2022\/03\/cropped-VOLETTE-HULOTTE-ET-BARBOULOTTE-BANDEAUX-LIENS-PAGE-3-3-ATELIERS-TOUT-PETITS-768x149.png 768w, https:\/\/hulotteetbarboulotte.fr\/wp-content\/uploads\/2022\/03\/cropped-VOLETTE-HULOTTE-ET-BARBOULOTTE-BANDEAUX-LIENS-PAGE-3-3-ATELIERS-TOUT-PETITS-1536x298.png 1536w\" sizes=\"auto, (max-width: 1920px) 100vw, 1920px\" \/>\n                      <div class=\"h-image__frame h-hide-lg h-hide-md h-hide-sm style-603-frameImage style-local-263-c5-frameImage\"><\/div>\n                    <\/div>\n                  <\/div>\n                <\/div>\n              <\/div>\n            <\/div>\n          <\/div>\n        <\/div>\n      <\/div>\n      <div data-colibri-id=\"263-c6\" class=\"h-row-container gutters-row-lg-0 gutters-row-md-0 gutters-row-0 gutters-row-v-lg-0 gutters-row-v-md-0 gutters-row-v-0 style-604 style-local-263-c6 position-relative\">\n        <!---->\n        <div class=\"h-row justify-content-lg-center justify-content-md-center justify-content-center align-items-lg-center align-items-md-center align-items-center gutters-col-lg-0 gutters-col-md-0 gutters-col-0 gutters-col-v-lg-0 gutters-col-v-md-0 gutters-col-v-0\">\n          <!---->\n          <div class=\"h-column h-column-container d-flex h-col-lg-auto h-col-md-auto h-col-auto align-self-lg-center align-self-md-center align-self-center style-605-outer style-local-263-c7-outer\">\n            <div data-colibri-id=\"263-c7\" class=\"d-flex h-flex-basis h-column__inner h-px-lg-0 h-px-md-0 h-px-0 v-inner-lg-0 v-inner-md-0 v-inner-0 style-605 style-local-263-c7 position-relative\">\n              <!---->\n              <!---->\n              <div class=\"w-100 h-y-container h-column__content h-column__v-align flex-basis-100 align-self-lg-start align-self-md-start align-self-start\">\n                <!---->\n                <div data-colibri-id=\"263-c8\" class=\"h-global-transition-all h-heading style-606 style-local-263-c8 position-relative h-element\">\n                  <!---->\n                  <div class=\"h-heading__outer style-606 style-local-263-c8\">\n                    <!---->\n                    <!---->\n                    <h5 class=\"\">Une matin\u00e9e par mois, venez avec les plus petits d\u00e9couvrir la cuisine de boue, jouer dans les feuilles, marcher en \u00e9quilibre sur des troncs, participer \u00e0 une petite activit\u00e9 nature, et partager une infusion fruit\u00e9e avant de se quitter.\n                      C&#8217;est un moment de partage avec d&#8217;autres adultes qui recherchent ce contact privil\u00e9gi\u00e9 au c\u0153ur des bois, un temps de rencontre entre les petits enfants. Le jeu libre des tout-petits est l&#8217;\u00e9l\u00e9ment central de cet atelier.\n                      <br>\n                      <br>Engagement sur une ann\u00e9e (11 s\u00e9ances). Une s\u00e9ance d&#8217;essai est possible ! Vous pouvez aussi nous rejoindre en cours d&#8217;ann\u00e9e en fonction des places disponibles.<\/h5>\n                  <\/div>\n                <\/div>\n                <div data-colibri-id=\"263-c9\" class=\"h-text h-text-component style-607 style-local-263-c9 position-relative h-element\">\n                  <!---->\n                  <!---->\n                  <div class=\"\">\n                    <p>Ateliers en p\u00e9riode scolaire un lundi ou mardi matin (2 groupes en fonction du jour choisi) par mois de 9h \u00e0 11h ou 9h30 \u00e0 11h30.&nbsp;<\/p>\n                  <\/div>\n                <\/div>\n              <\/div>\n            <\/div>\n          <\/div>\n          <div class=\"h-column h-column-container d-flex h-col-lg-auto h-col-md-auto h-col-auto align-self-lg-center align-self-md-center align-self-center style-608-outer style-local-263-c10-outer\">\n            <div data-colibri-id=\"263-c10\" class=\"d-flex h-flex-basis h-column__inner h-ui-empty-state-container h-px-lg-2 h-px-md-2 h-px-2 v-inner-lg-2 v-inner-md-2 v-inner-2 style-608 style-local-263-c10 position-relative\">\n              <!---->\n              <!---->\n              <div class=\"w-100 h-y-container h-column__content h-column__v-align flex-basis-100\">\n                <!---->\n              <\/div>\n            <\/div>\n          <\/div>\n        <\/div>\n      <\/div>\n      <div data-colibri-id=\"263-c11\" class=\"h-row-container gutters-row-lg-2 gutters-row-md-2 gutters-row-0 gutters-row-v-lg-2 gutters-row-v-md-2 gutters-row-v-2 style-609 style-local-263-c11 position-relative\">\n        <!---->\n        <div class=\"h-row justify-content-lg-center justify-content-md-center justify-content-center align-items-lg-stretch align-items-md-stretch align-items-stretch gutters-col-lg-2 gutters-col-md-2 gutters-col-0 gutters-col-v-lg-2 gutters-col-v-md-2 gutters-col-v-2\">\n          <!---->\n          <div class=\"h-column h-column-container d-flex h-col-lg-auto h-col-md-auto h-col-auto style-610-outer style-local-263-c12-outer\">\n            <div data-colibri-id=\"263-c12\" class=\"d-flex h-flex-basis h-column__inner h-px-lg-2 h-px-md-2 h-px-2 v-inner-lg-2 v-inner-md-2 v-inner-2 style-610 style-local-263-c12 position-relative\">\n              <!---->\n              <!---->\n              <div class=\"w-100 h-y-container h-column__content h-column__v-align flex-basis-100 align-self-lg-center align-self-md-center align-self-center\">\n                <!---->\n                <div data-colibri-id=\"263-c13\" class=\"h-text h-text-component style-611 style-local-263-c13 position-relative h-element\">\n                  <!---->\n                  <!---->\n                  <div class=\"\">\n                    <p>Les ateliers ont lieu \u00ab presque \u00bb par tous les temps (sauf en cas d&#8217;orage ou vent violent, et forte pluie). Pr\u00e9voir pour tous des v\u00eatements qui ne craignent rien et adapt\u00e9s \u00e0 la m\u00e9t\u00e9o du jour ! Dans le cas o\u00f9 la m\u00e9t\u00e9o nous impose d&#8217;annuler\n                      l&#8217;atelier, nous essaierons de proposer une date de repli.<\/p>\n                  <\/div>\n                <\/div>\n              <\/div>\n            <\/div>\n          <\/div>\n          <div class=\"h-column h-column-container d-flex h-col-lg-auto h-col-md-auto h-col-auto style-612-outer style-local-263-c14-outer\">\n            <div data-colibri-id=\"263-c14\" class=\"d-flex h-flex-basis h-column__inner h-px-lg-2 h-px-md-2 h-px-2 v-inner-lg-2 v-inner-md-2 v-inner-2 style-612 style-local-263-c14 position-relative\">\n              <!---->\n              <!---->\n              <div class=\"w-100 h-y-container h-column__content h-column__v-align flex-basis-100 align-self-lg-center align-self-md-center align-self-center\">\n                <!---->\n                <div data-colibri-id=\"263-c15\" class=\"h-x-container style-613 style-local-263-c15 position-relative h-element\">\n                  <!---->\n                  <div class=\"h-x-container-inner style-dynamic-263-c15-group style-613-spacing style-local-263-c15-spacing\"><span class=\"h-link__outer style-614-outer style-local-263-c16-outer d-inline-flex h-element\"><a h-use-smooth-scroll=\"true\" href=\"https:\/\/hulotteetbarboulotte.fr\/index.php\/evenements-et-calendrier\/calendrier-des-ateliers\/\"  data-colibri-id=\"263-c16\" class=\"d-flex w-100 align-items-center h-link style-614 style-local-263-c16 position-relative\"><!----><!----> <span>Consultez le calendrier pour conna\u00eetre les dates des ateliers des tout-petits.<\/span><\/a>\n                    <\/span>\n                  <\/div>\n                <\/div>\n              <\/div>\n            <\/div>\n          <\/div>\n        <\/div>\n      <\/div>\n    <\/div>\n  <\/div>\n<\/div>","protected":false},"excerpt":{"rendered":"<p>Une matin\u00e9e par mois, venez avec les plus petits d\u00e9couvrir la cuisine de boue, jouer dans les feuilles, marcher en \u00e9quilibre sur des troncs, participer \u00e0 une petite activit\u00e9 nature, et partager une infusion fruit\u00e9e avant de se quitter. C&#8217;est un moment de partage avec d&#8217;autres adultes qui recherchent ce contact privil\u00e9gi\u00e9 au c\u0153ur des [&hellip;]<\/p>\n","protected":false},"author":1,"featured_media":0,"parent":257,"menu_order":3,"comment_status":"closed","ping_status":"closed","template":"page-templates\/full-width-page.php","meta":{"om_disable_all_campaigns":false,"_monsterinsights_skip_tracking":false,"_monsterinsights_sitenote_active":false,"_monsterinsights_sitenote_note":"","_monsterinsights_sitenote_category":0,"footnotes":""},"class_list":["post-263","page","type-page","status-publish","hentry"],"aioseo_notices":[],"_links":{"self":[{"href":"https:\/\/hulotteetbarboulotte.fr\/index.php\/wp-json\/wp\/v2\/pages\/263","targetHints":{"allow":["GET"]}}],"collection":[{"href":"https:\/\/hulotteetbarboulotte.fr\/index.php\/wp-json\/wp\/v2\/pages"}],"about":[{"href":"https:\/\/hulotteetbarboulotte.fr\/index.php\/wp-json\/wp\/v2\/types\/page"}],"author":[{"embeddable":true,"href":"https:\/\/hulotteetbarboulotte.fr\/index.php\/wp-json\/wp\/v2\/users\/1"}],"replies":[{"embeddable":true,"href":"https:\/\/hulotteetbarboulotte.fr\/index.php\/wp-json\/wp\/v2\/comments?post=263"}],"version-history":[{"count":12,"href":"https:\/\/hulotteetbarboulotte.fr\/index.php\/wp-json\/wp\/v2\/pages\/263\/revisions"}],"predecessor-version":[{"id":1660,"href":"https:\/\/hulotteetbarboulotte.fr\/index.php\/wp-json\/wp\/v2\/pages\/263\/revisions\/1660"}],"up":[{"embeddable":true,"href":"https:\/\/hulotteetbarboulotte.fr\/index.php\/wp-json\/wp\/v2\/pages\/257"}],"wp:attachment":[{"href":"https:\/\/hulotteetbarboulotte.fr\/index.php\/wp-json\/wp\/v2\/media?parent=263"}],"curies":[{"name":"wp","href":"https:\/\/api.w.org\/{rel}","templated":true}]}}